{"id":9074,"date":"2023-04-13T10:45:11","date_gmt":"2023-04-13T08:45:11","guid":{"rendered":"https:\/\/precto.pl\/sklep\/?post_type=product&#038;p=9074"},"modified":"2023-04-13T10:47:42","modified_gmt":"2023-04-13T08:47:42","slug":"pila-skladana-pr-16-do-szybkiego-i-precyzyjnego-ciecia-podczas-przycinania-drzew","status":"publish","type":"product","link":"https:\/\/precto.pl\/sklep\/pila-skladana-pr-16-do-szybkiego-i-precyzyjnego-ciecia-podczas-przycinania-drzew\/","title":{"rendered":"Pi\u0142a sk\u0142adana PR 16: Do szybkiego i precyzyjnego ci\u0119cia podczas przycinania drzew"},"content":{"rendered":"\n<div class=\"wp-block-columns is-layout-flex wp-container-core-columns-is-layout-9d6595d7 wp-block-columns-is-layout-flex\">\n<div class=\"wp-block-column is-layout-flow wp-block-column-is-layout-flow\">\n<p>D\u0142ugo\u015b\u0107 16 cm, \u015brednica do 5 cm, ci\u0119\u017car 160 g. Do szybkiego i precyzyjnego ci\u0119cia. Sk\u0142adane japo\u0144skie ostrze, 3-stronne, z hartowanej impulsowo, chromowanej stali, ochrona antykorozyjna, ergonomiczny uchwyt 2-cz\u0119\u015bciowy.<\/p>\n\n\n\n<figure class=\"wp-block-gallery has-nested-images columns-default is-cropped wp-block-gallery-1 is-layout-flex wp-block-gallery-is-layout-flex\"><\/figure>\n<\/div>\n\n\n\n<div class=\"wp-block-column is-layout-flow wp-block-column-is-layout-flow\">\n<figure class=\"wp-block-image size-full\"><img loading=\"lazy\" decoding=\"async\" width=\"710\" height=\"502\" src=\"https:\/\/precto.pl\/sklep\/wp-content\/uploads\/2023\/04\/precto1-93.jpg\" alt=\"\" class=\"wp-image-9075\" srcset=\"https:\/\/precto.pl\/sklep\/wp-content\/uploads\/2023\/04\/precto1-93.jpg 710w, https:\/\/precto.pl\/sklep\/wp-content\/uploads\/2023\/04\/precto1-93-300x212.jpg 300w\" sizes=\"auto, (max-width: 710px) 100vw, 710px\" \/><\/figure>\n<\/div>\n<\/div>\n\n\n\n<div class=\"wp-block-columns is-layout-flex wp-container-core-columns-is-layout-9d6595d7 wp-block-columns-is-layout-flex\">\n<div class=\"wp-block-column is-layout-flow wp-block-column-is-layout-flow\"><\/div>\n<\/div>\n","protected":false},"excerpt":{"rendered":"<p>D\u0142ugo\u015b\u0107 16 cm, \u015brednica do 5 cm, ci\u0119\u017car 160 g. Do szybkiego i precyzyjnego ci\u0119cia. Sk\u0142adane japo\u0144skie ostrze, 3-stronne, z hartowanej impulsowo, chromowanej stali, ochrona antykorozyjna, ergonomiczny uchwyt 2-cz\u0119\u015bciowy.<\/p>\n","protected":false},"featured_media":9076,"comment_status":"open","ping_status":"closed","template":"","meta":[],"product_brand":[],"product_cat":[58,61],"product_tag":[],"class_list":{"0":"post-9074","1":"product","2":"type-product","3":"status-publish","4":"has-post-thumbnail","6":"product_cat-narzedzia-reczne-do-lasu-i-ogrodu","7":"product_cat-sekatory-pily-nozyce","9":"first","10":"instock","11":"taxable","12":"shipping-taxable","13":"purchasable","14":"product-type-simple"},"_links":{"self":[{"href":"https:\/\/precto.pl\/sklep\/wp-json\/wp\/v2\/product\/9074","targetHints":{"allow":["GET"]}}],"collection":[{"href":"https:\/\/precto.pl\/sklep\/wp-json\/wp\/v2\/product"}],"about":[{"href":"https:\/\/precto.pl\/sklep\/wp-json\/wp\/v2\/types\/product"}],"replies":[{"embeddable":true,"href":"https:\/\/precto.pl\/sklep\/wp-json\/wp\/v2\/comments?post=9074"}],"wp:featuredmedia":[{"embeddable":true,"href":"https:\/\/precto.pl\/sklep\/wp-json\/wp\/v2\/media\/9076"}],"wp:attachment":[{"href":"https:\/\/precto.pl\/sklep\/wp-json\/wp\/v2\/media?parent=9074"}],"wp:term":[{"taxonomy":"product_brand","embeddable":true,"href":"https:\/\/precto.pl\/sklep\/wp-json\/wp\/v2\/product_brand?post=9074"},{"taxonomy":"product_cat","embeddable":true,"href":"https:\/\/precto.pl\/sklep\/wp-json\/wp\/v2\/product_cat?post=9074"},{"taxonomy":"product_tag","embeddable":true,"href":"https:\/\/precto.pl\/sklep\/wp-json\/wp\/v2\/product_tag?post=9074"}],"curies":[{"name":"wp","href":"https:\/\/api.w.org\/{rel}","templated":true}]}}