{"id":9051,"date":"2023-04-12T14:22:44","date_gmt":"2023-04-12T12:22:44","guid":{"rendered":"https:\/\/precto.pl\/sklep\/?post_type=product&#038;p=9051"},"modified":"2023-04-12T14:24:27","modified_gmt":"2023-04-12T12:24:27","slug":"wysiegnik-teleskopowy-do-pr-40-ct-456-cm","status":"publish","type":"product","link":"https:\/\/precto.pl\/sklep\/wysiegnik-teleskopowy-do-pr-40-ct-456-cm\/","title":{"rendered":"Wysi\u0119gnik teleskopowy do PR 40 CT 456 cm"},"content":{"rendered":"\n<h2 class=\"wp-block-heading\">Teleskopowy wa\u0142 456 cm do pi\u0142y ogrodniczej PR 40 CT: Do precyzyjnego ci\u0119cia wysokich drzew<\/h2>\n\n\n\n<div class=\"wp-block-columns is-layout-flex wp-container-core-columns-is-layout-9d6595d7 wp-block-columns-is-layout-flex\">\n<div class=\"wp-block-column is-layout-flow wp-block-column-is-layout-flow\">\n<p>Przystosowany do pi\u0142y teleskopowej PR 40 CT , z zakresem regulacji d\u0142ugo\u015bci od 184 cm do 456 cm, z uchwytem pokrytym tworzywem sztucznym.<\/p>\n\n\n\n<figure class=\"wp-block-gallery has-nested-images columns-default is-cropped wp-block-gallery-1 is-layout-flex wp-block-gallery-is-layout-flex\">\n<figure class=\"wp-block-image size-large\"><img loading=\"lazy\" decoding=\"async\" width=\"710\" height=\"473\" data-id=\"9053\" src=\"https:\/\/precto.pl\/sklep\/wp-content\/uploads\/2023\/04\/precto1-82.jpg\" alt=\"\" class=\"wp-image-9053\" srcset=\"https:\/\/precto.pl\/sklep\/wp-content\/uploads\/2023\/04\/precto1-82.jpg 710w, https:\/\/precto.pl\/sklep\/wp-content\/uploads\/2023\/04\/precto1-82-300x200.jpg 300w\" sizes=\"auto, (max-width: 710px) 100vw, 710px\" \/><\/figure>\n<\/figure>\n<\/div>\n\n\n\n<div class=\"wp-block-column is-layout-flow wp-block-column-is-layout-flow\">\n<figure class=\"wp-block-image size-full\"><img loading=\"lazy\" decoding=\"async\" width=\"460\" height=\"690\" src=\"https:\/\/precto.pl\/sklep\/wp-content\/uploads\/2023\/04\/precto2-44.jpg\" alt=\"\" class=\"wp-image-9052\" srcset=\"https:\/\/precto.pl\/sklep\/wp-content\/uploads\/2023\/04\/precto2-44.jpg 460w, https:\/\/precto.pl\/sklep\/wp-content\/uploads\/2023\/04\/precto2-44-200x300.jpg 200w, https:\/\/precto.pl\/sklep\/wp-content\/uploads\/2023\/04\/precto2-44-300x450.jpg 300w\" sizes=\"auto, (max-width: 460px) 100vw, 460px\" \/><\/figure>\n<\/div>\n<\/div>\n\n\n\n<div class=\"wp-block-columns is-layout-flex wp-container-core-columns-is-layout-9d6595d7 wp-block-columns-is-layout-flex\">\n<div class=\"wp-block-column is-layout-flow wp-block-column-is-layout-flow\"><\/div>\n<\/div>\n","protected":false},"excerpt":{"rendered":"<p>Teleskopowy wa\u0142 456 cm do pi\u0142y ogrodniczej PR 40 CT: Do precyzyjnego ci\u0119cia wysokich drzew Przystosowany do pi\u0142y teleskopowej PR 40 CT , z zakresem regulacji d\u0142ugo\u015bci od 184 cm do 456 cm, z uchwytem pokrytym tworzywem sztucznym.<\/p>\n","protected":false},"featured_media":9054,"comment_status":"open","ping_status":"closed","template":"","meta":[],"product_brand":[],"product_cat":[58,61],"product_tag":[],"class_list":{"0":"post-9051","1":"product","2":"type-product","3":"status-publish","4":"has-post-thumbnail","6":"product_cat-narzedzia-reczne-do-lasu-i-ogrodu","7":"product_cat-sekatory-pily-nozyce","9":"first","10":"instock","11":"taxable","12":"shipping-taxable","13":"purchasable","14":"product-type-simple"},"_links":{"self":[{"href":"https:\/\/precto.pl\/sklep\/wp-json\/wp\/v2\/product\/9051","targetHints":{"allow":["GET"]}}],"collection":[{"href":"https:\/\/precto.pl\/sklep\/wp-json\/wp\/v2\/product"}],"about":[{"href":"https:\/\/precto.pl\/sklep\/wp-json\/wp\/v2\/types\/product"}],"replies":[{"embeddable":true,"href":"https:\/\/precto.pl\/sklep\/wp-json\/wp\/v2\/comments?post=9051"}],"wp:featuredmedia":[{"embeddable":true,"href":"https:\/\/precto.pl\/sklep\/wp-json\/wp\/v2\/media\/9054"}],"wp:attachment":[{"href":"https:\/\/precto.pl\/sklep\/wp-json\/wp\/v2\/media?parent=9051"}],"wp:term":[{"taxonomy":"product_brand","embeddable":true,"href":"https:\/\/precto.pl\/sklep\/wp-json\/wp\/v2\/product_brand?post=9051"},{"taxonomy":"product_cat","embeddable":true,"href":"https:\/\/precto.pl\/sklep\/wp-json\/wp\/v2\/product_cat?post=9051"},{"taxonomy":"product_tag","embeddable":true,"href":"https:\/\/precto.pl\/sklep\/wp-json\/wp\/v2\/product_tag?post=9051"}],"curies":[{"name":"wp","href":"https:\/\/api.w.org\/{rel}","templated":true}]}}