{"id":9039,"date":"2023-04-12T13:50:16","date_gmt":"2023-04-12T11:50:16","guid":{"rendered":"https:\/\/precto.pl\/sklep\/?post_type=product&#038;p=9039"},"modified":"2023-04-12T13:53:30","modified_gmt":"2023-04-12T11:53:30","slug":"sekator-anvil-pb-25-tnie-rowniez-twarde-i-martwe-drewno","status":"publish","type":"product","link":"https:\/\/precto.pl\/sklep\/sekator-anvil-pb-25-tnie-rowniez-twarde-i-martwe-drewno\/","title":{"rendered":"Sekator Anvil PB 25: Tnie r\u00f3wnie\u017c twarde i martwe drewno"},"content":{"rendered":"\n<div class=\"wp-block-columns is-layout-flex wp-container-core-columns-is-layout-9d6595d7 wp-block-columns-is-layout-flex\">\n<div class=\"wp-block-column is-layout-flow wp-block-column-is-layout-flow\">\n<p>Do ci\u0119cia twardych i suchych ga\u0142\u0119zi. Ostrze z pow\u0142ok\u0105 antyadhezyjn\u0105, regulowane, wymienne kowade\u0142ko, ergonomiczne uchwyty. D\u0142ugo\u015b\u0107 80 cm, ci\u0119\u017car 1245 g, \u015brednica do 4,0 cm.<\/p>\n<\/div>\n\n\n\n<div class=\"wp-block-column is-layout-flow wp-block-column-is-layout-flow\">\n<figure class=\"wp-block-image size-full\"><img loading=\"lazy\" decoding=\"async\" width=\"710\" height=\"473\" src=\"https:\/\/precto.pl\/sklep\/wp-content\/uploads\/2023\/04\/precto1-74.jpg\" alt=\"\" class=\"wp-image-9040\" srcset=\"https:\/\/precto.pl\/sklep\/wp-content\/uploads\/2023\/04\/precto1-74.jpg 710w, https:\/\/precto.pl\/sklep\/wp-content\/uploads\/2023\/04\/precto1-74-300x200.jpg 300w\" sizes=\"auto, (max-width: 710px) 100vw, 710px\" \/><\/figure>\n<\/div>\n<\/div>\n\n\n\n<div class=\"wp-block-columns is-layout-flex wp-container-core-columns-is-layout-9d6595d7 wp-block-columns-is-layout-flex\">\n<div class=\"wp-block-column is-layout-flow wp-block-column-is-layout-flow\"><\/div>\n<\/div>\n","protected":false},"excerpt":{"rendered":"<p>Do ci\u0119cia twardych i suchych ga\u0142\u0119zi. Ostrze z pow\u0142ok\u0105 antyadhezyjn\u0105, regulowane, wymienne kowade\u0142ko, ergonomiczne uchwyty. D\u0142ugo\u015b\u0107 80 cm, ci\u0119\u017car 1245 g, \u015brednica do 4,0 cm.<\/p>\n","protected":false},"featured_media":9041,"comment_status":"open","ping_status":"closed","template":"","meta":[],"product_brand":[],"product_cat":[58,61],"product_tag":[],"class_list":{"0":"post-9039","1":"product","2":"type-product","3":"status-publish","4":"has-post-thumbnail","6":"product_cat-narzedzia-reczne-do-lasu-i-ogrodu","7":"product_cat-sekatory-pily-nozyce","9":"first","10":"instock","11":"taxable","12":"shipping-taxable","13":"purchasable","14":"product-type-simple"},"_links":{"self":[{"href":"https:\/\/precto.pl\/sklep\/wp-json\/wp\/v2\/product\/9039","targetHints":{"allow":["GET"]}}],"collection":[{"href":"https:\/\/precto.pl\/sklep\/wp-json\/wp\/v2\/product"}],"about":[{"href":"https:\/\/precto.pl\/sklep\/wp-json\/wp\/v2\/types\/product"}],"replies":[{"embeddable":true,"href":"https:\/\/precto.pl\/sklep\/wp-json\/wp\/v2\/comments?post=9039"}],"wp:featuredmedia":[{"embeddable":true,"href":"https:\/\/precto.pl\/sklep\/wp-json\/wp\/v2\/media\/9041"}],"wp:attachment":[{"href":"https:\/\/precto.pl\/sklep\/wp-json\/wp\/v2\/media?parent=9039"}],"wp:term":[{"taxonomy":"product_brand","embeddable":true,"href":"https:\/\/precto.pl\/sklep\/wp-json\/wp\/v2\/product_brand?post=9039"},{"taxonomy":"product_cat","embeddable":true,"href":"https:\/\/precto.pl\/sklep\/wp-json\/wp\/v2\/product_cat?post=9039"},{"taxonomy":"product_tag","embeddable":true,"href":"https:\/\/precto.pl\/sklep\/wp-json\/wp\/v2\/product_tag?post=9039"}],"curies":[{"name":"wp","href":"https:\/\/api.w.org\/{rel}","templated":true}]}}