{"id":9018,"date":"2023-04-12T10:13:41","date_gmt":"2023-04-12T08:13:41","guid":{"rendered":"https:\/\/precto.pl\/sklep\/?post_type=product&#038;p=9018"},"modified":"2023-04-12T10:20:40","modified_gmt":"2023-04-12T08:20:40","slug":"pg-30-sekator-ogrodowy-profesjonalny-bypass","status":"publish","type":"product","link":"https:\/\/precto.pl\/sklep\/pg-30-sekator-ogrodowy-profesjonalny-bypass\/","title":{"rendered":"PG 30, Sekator ogrodowy profesjonalny Bypass"},"content":{"rendered":"\n<div class=\"wp-block-columns is-layout-flex wp-container-core-columns-is-layout-9d6595d7 wp-block-columns-is-layout-flex\">\n<div class=\"wp-block-column is-layout-flow wp-block-column-is-layout-flow\">\n<p>Odkuwany, chromowany model Profi. Ostrze z przecinakiem do drutu. Przeciwostrze z rowkiem do odprowadzania sok\u00f3w ro\u015blinnych. Amortyzowane uchwyty z pow\u0142ok\u0105 z tworzywa sztucznego. Odpowiedni do ci\u0119cia \u017cywych ga\u0142\u0119zi o \u015brednicy do 20 mm. 21,5 cm, 255 g.<\/p>\n<\/div>\n\n\n\n<div class=\"wp-block-column is-layout-flow wp-block-column-is-layout-flow\">\n<figure class=\"wp-block-image size-full\"><img loading=\"lazy\" decoding=\"async\" width=\"710\" height=\"328\" src=\"https:\/\/precto.pl\/sklep\/wp-content\/uploads\/2023\/04\/precto1-64.jpg\" alt=\"\" class=\"wp-image-9023\" srcset=\"https:\/\/precto.pl\/sklep\/wp-content\/uploads\/2023\/04\/precto1-64.jpg 710w, https:\/\/precto.pl\/sklep\/wp-content\/uploads\/2023\/04\/precto1-64-300x139.jpg 300w\" sizes=\"auto, (max-width: 710px) 100vw, 710px\" \/><\/figure>\n<\/div>\n<\/div>\n\n\n\n<div class=\"wp-block-columns is-layout-flex wp-container-core-columns-is-layout-9d6595d7 wp-block-columns-is-layout-flex\">\n<div class=\"wp-block-column is-layout-flow wp-block-column-is-layout-flow\"><\/div>\n<\/div>\n","protected":false},"excerpt":{"rendered":"<p>Odkuwany, chromowany model Profi. Ostrze z przecinakiem do drutu. Przeciwostrze z rowkiem do odprowadzania sok\u00f3w ro\u015blinnych. Amortyzowane uchwyty z pow\u0142ok\u0105 z tworzywa sztucznego. Odpowiedni do ci\u0119cia \u017cywych ga\u0142\u0119zi o \u015brednicy do 20 mm. 21,5 cm, 255 g.<\/p>\n","protected":false},"featured_media":9025,"comment_status":"open","ping_status":"closed","template":"","meta":[],"product_brand":[],"product_cat":[58,61],"product_tag":[],"class_list":{"0":"post-9018","1":"product","2":"type-product","3":"status-publish","4":"has-post-thumbnail","6":"product_cat-narzedzia-reczne-do-lasu-i-ogrodu","7":"product_cat-sekatory-pily-nozyce","9":"first","10":"instock","11":"taxable","12":"shipping-taxable","13":"purchasable","14":"product-type-simple"},"_links":{"self":[{"href":"https:\/\/precto.pl\/sklep\/wp-json\/wp\/v2\/product\/9018","targetHints":{"allow":["GET"]}}],"collection":[{"href":"https:\/\/precto.pl\/sklep\/wp-json\/wp\/v2\/product"}],"about":[{"href":"https:\/\/precto.pl\/sklep\/wp-json\/wp\/v2\/types\/product"}],"replies":[{"embeddable":true,"href":"https:\/\/precto.pl\/sklep\/wp-json\/wp\/v2\/comments?post=9018"}],"wp:featuredmedia":[{"embeddable":true,"href":"https:\/\/precto.pl\/sklep\/wp-json\/wp\/v2\/media\/9025"}],"wp:attachment":[{"href":"https:\/\/precto.pl\/sklep\/wp-json\/wp\/v2\/media?parent=9018"}],"wp:term":[{"taxonomy":"product_brand","embeddable":true,"href":"https:\/\/precto.pl\/sklep\/wp-json\/wp\/v2\/product_brand?post=9018"},{"taxonomy":"product_cat","embeddable":true,"href":"https:\/\/precto.pl\/sklep\/wp-json\/wp\/v2\/product_cat?post=9018"},{"taxonomy":"product_tag","embeddable":true,"href":"https:\/\/precto.pl\/sklep\/wp-json\/wp\/v2\/product_tag?post=9018"}],"curies":[{"name":"wp","href":"https:\/\/api.w.org\/{rel}","templated":true}]}}