{"id":7493,"date":"2022-02-09T21:47:32","date_gmt":"2022-02-09T20:47:32","guid":{"rendered":"https:\/\/precto.pl\/sklep\/?post_type=product&#038;p=7493"},"modified":"2022-05-11T13:36:29","modified_gmt":"2022-05-11T11:36:29","slug":"podkaszarka-trymer-kosa-akumulatorowa-stihl-fsa-45-24-miesiace-gwarancji","status":"publish","type":"product","link":"https:\/\/precto.pl\/sklep\/podkaszarka-trymer-kosa-akumulatorowa-stihl-fsa-45-24-miesiace-gwarancji\/","title":{"rendered":"Podkaszarka trymer kosa akumulatorowa STIHL FSA 45 24 miesi\u0105ce gwarancji"},"content":{"rendered":"\n<div class=\"wp-block-columns is-layout-flex wp-container-core-columns-is-layout-9d6595d7 wp-block-columns-is-layout-flex\">\n<div class=\"wp-block-column is-layout-flow wp-block-column-is-layout-flow\">\n<figure class=\"wp-block-image size-full\"><img loading=\"lazy\" decoding=\"async\" width=\"460\" height=\"710\" src=\"https:\/\/precto.pl\/sklep\/wp-content\/uploads\/2022\/02\/fsa45-precto-1-1.jpg\" alt=\"\" class=\"wp-image-7496\" srcset=\"https:\/\/precto.pl\/sklep\/wp-content\/uploads\/2022\/02\/fsa45-precto-1-1.jpg 460w, https:\/\/precto.pl\/sklep\/wp-content\/uploads\/2022\/02\/fsa45-precto-1-1-194x300.jpg 194w, https:\/\/precto.pl\/sklep\/wp-content\/uploads\/2022\/02\/fsa45-precto-1-1-300x463.jpg 300w\" sizes=\"auto, (max-width: 460px) 100vw, 460px\" \/><\/figure>\n<\/div>\n\n\n\n<div class=\"wp-block-column is-layout-flow wp-block-column-is-layout-flow\">\n<p>Kompaktowa, lekka akumulatorowa kosa mechaniczna do trymowania i prostych prac wyko\u0144czeniowych w przydomowym ogrodzie. Wyposa\u017cona w zintegrowany akumulator ze wska\u017anikiem na\u0142adowania, wysi\u0119gnik i uchwyt obwiedniowy regulowany bez u\u017cycia dodatkowych narz\u0119dzi. Regulacja k\u0105ta roboczego g\u0142owicy tn\u0105cej umo\u017cliwia m. in. pionowe przycinanie kraw\u0119dzi trawnik\u00f3w. W prosty spos\u00f3b mo\u017cna zmieni\u0107 no\u017cyki PolyCut na \u017cy\u0142k\u0119 tn\u0105c\u0105 &#8211; bez konieczno\u015bci wymiany ca\u0142ej g\u0142owicy tn\u0105cej.<\/p>\n<\/div>\n<\/div>\n\n\n\n<div class=\"wp-block-columns is-layout-flex wp-container-core-columns-is-layout-9d6595d7 wp-block-columns-is-layout-flex\">\n<div class=\"wp-block-column is-layout-flow wp-block-column-is-layout-flow\">\n<figure class=\"wp-block-table\"><table><thead><tr><th>Dane techniczne<\/th><th>Warto\u015b\u0107<\/th><\/tr><\/thead><tbody><tr><td>Akumulator<\/td><td>litowo-jonowy Linia AI<\/td><\/tr><tr><td>Napi\u0119cie znamionowe V<\/td><td>18<\/td><\/tr><tr><td>Ci\u0119\u017car kg&nbsp;<sup>1)<\/sup><\/td><td>2,3<\/td><\/tr><tr><td>Warto\u015b\u0107 drga\u0144 uchwyt lewy\/prawy m\/s\u00b2&nbsp;<sup>2)<\/sup><\/td><td>1,7\/4,9<\/td><\/tr><tr><td>D\u0142ugo\u015b\u0107 ca\u0142kowita bez narz\u0119dzia tn\u0105cego cm<\/td><td>110<\/td><\/tr><tr><td>\u015arednica ci\u0119cia mm<\/td><td>230<\/td><\/tr><tr><td>Czas pracy z PolyCut 2-2 min<\/td><td>do 20<\/td><\/tr><tr><td>Czas pracy z \u017cy\u0142k\u0105 tn\u0105c\u0105 min&nbsp;<sup>3)<\/sup><\/td><td>do 12<\/td><\/tr><tr><td>Narz\u0119dzie tn\u0105ce<\/td><td>G\u0142owica \u017cy\u0142kowa PolyCut 2-2<\/td><\/tr><\/tbody><\/table><\/figure>\n\n\n\n<p>1) z akumulatorem<br>2) Niepewno\u015b\u0107 pomiarowa wg Dyrektywy 2006\/42\/WE = 2 m\/s\u00b2<br>3) Czas pracy ma charakter przybli\u017cony i mo\u017ce zale\u017ce\u0107 od sposobu pracy<\/p>\n<\/div>\n\n\n\n<div class=\"wp-block-column is-layout-flow wp-block-column-is-layout-flow\">\n<figure class=\"wp-block-image size-full\"><img loading=\"lazy\" decoding=\"async\" width=\"460\" height=\"710\" src=\"https:\/\/precto.pl\/sklep\/wp-content\/uploads\/2022\/02\/fsa45-precto-2-1.jpg\" alt=\"\" class=\"wp-image-7497\" srcset=\"https:\/\/precto.pl\/sklep\/wp-content\/uploads\/2022\/02\/fsa45-precto-2-1.jpg 460w, https:\/\/precto.pl\/sklep\/wp-content\/uploads\/2022\/02\/fsa45-precto-2-1-194x300.jpg 194w, https:\/\/precto.pl\/sklep\/wp-content\/uploads\/2022\/02\/fsa45-precto-2-1-300x463.jpg 300w\" sizes=\"auto, (max-width: 460px) 100vw, 460px\" \/><\/figure>\n<\/div>\n<\/div>\n\n\n\n<div class=\"wp-block-columns is-layout-flex wp-container-core-columns-is-layout-9d6595d7 wp-block-columns-is-layout-flex\">\n<div class=\"wp-block-column is-layout-flow wp-block-column-is-layout-flow\">\n<h4 class=\"wp-block-heading\" id=\"regulowany-uchwyt\">Regulowany uchwyt<\/h4>\n\n\n\n<p>Regulacja d\u0142ugo\u015bci kosy w zakresie 170 mm w 8 pozycjach umo\u017cliwia dopasowanie kosy do wzrostu u\u017cytkownika zapewniaj\u0105c ergonomiczn\u0105 i niem\u0119cz\u0105c\u0105 prac\u0119. Regulacja nie wymaga stosowania narz\u0119dzi.<\/p>\n<\/div>\n\n\n\n<div class=\"wp-block-column is-layout-flow wp-block-column-is-layout-flow\">\n<h4 class=\"wp-block-heading\" id=\"regulowany-uchwyt-obwiedniowy\">Regulowany uchwyt obwiedniowy<\/h4>\n\n\n\n<p>Uchwyt obwiedniowy regulowany w 6 stopniach w zakresie 120\u00b0 bez u\u017cycia narz\u0119dzi.<\/p>\n<\/div>\n\n\n\n<div class=\"wp-block-column is-layout-flow wp-block-column-is-layout-flow\">\n<h4 class=\"wp-block-heading\" id=\"regulacja-jednostki-tnacej\">Regulacja jednostki tn\u0105cej<\/h4>\n\n\n\n<p>Jednostk\u0119 tn\u0105c\u0105 mo\u017cna regulowa\u0107 4-stopniowo nawet do nachylenia 68\u00b0<\/p>\n<\/div>\n<\/div>\n\n\n\n<div class=\"wp-block-columns is-layout-flex wp-container-core-columns-is-layout-9d6595d7 wp-block-columns-is-layout-flex\">\n<div class=\"wp-block-column is-layout-flow wp-block-column-is-layout-flow\">\n<h4 class=\"wp-block-heading\" id=\"pionowe-przycinanie-krawedzi-trawnikow\">Pionowe przycinanie kraw\u0119dzi trawnik\u00f3w<\/h4>\n\n\n\n<p>Do precyzyjnego przyci\u0119cia kraw\u0119dzi trawnika mo\u017cna skr\u0119ci\u0107 jednostk\u0119 tn\u0105c\u0105 o 90\u00b0.<\/p>\n<\/div>\n\n\n\n<div class=\"wp-block-column is-layout-flow wp-block-column-is-layout-flow\">\n<h4 class=\"wp-block-heading\" id=\"wskaznik-naladowania\">Wska\u017anik na\u0142adowania<\/h4>\n\n\n\n<p>W ka\u017cdym momencie mo\u017cna sprawdzi\u0107 pozosta\u0142y czas pracy i na\u0142adowania przez naci\u015bni\u0119cie przycisku. Cztery okienka LED \u015bwiec\u0105 lub migaj\u0105 na zielono wzgl\u0119dnie czerwono pokazuj\u0105c stopie\u0144 na\u0142adowania.<\/p>\n<\/div>\n\n\n\n<div class=\"wp-block-column is-layout-flow wp-block-column-is-layout-flow\">\n<h4 class=\"wp-block-heading\" id=\"zapasowe-nozyki-przy-urzadzeniu\">Zapasowe no\u017cyki przy urz\u0105dzeniu<\/h4>\n\n\n\n<p>\u0141atwo wymieni\u0107 zu\u017cyte no\u017cyki PolyCut dzi\u0119ki temu, \u017ce na urz\u0105dzeniu mo\u017cna przechowywa\u0107 a\u017c 6 zapasowych no\u017cyk\u00f3w.<\/p>\n<\/div>\n<\/div>\n\n\n\n<div class=\"wp-block-columns is-layout-flex wp-container-core-columns-is-layout-9d6595d7 wp-block-columns-is-layout-flex\">\n<div class=\"wp-block-column is-layout-flow wp-block-column-is-layout-flow\">\n<h4 class=\"wp-block-heading\" id=\"zapasowe-nozyki-przy-urzadzeniu-1\">Zapasowe no\u017cyki przy urz\u0105dzeniu<\/h4>\n\n\n\n<p>\u0141atwo wymieni\u0107 zu\u017cyte no\u017cyki PolyCut dzi\u0119ki temu, \u017ce na urz\u0105dzeniu mo\u017cna przechowywa\u0107 a\u017c 6 zapasowych no\u017cyk\u00f3w.<\/p>\n<\/div>\n\n\n\n<div class=\"wp-block-column is-layout-flow wp-block-column-is-layout-flow\">\n<h4 class=\"wp-block-heading\" id=\"palak-dystansowy\">Pa\u0142\u0105k dystansowy<\/h4>\n\n\n\n<p>Kosa FSA 45 dysponuje pa\u0142\u0105kiem dystansowym do precyzyjnego i wygodnego koszenia wok\u00f3\u0142 ro\u015blin i innych przeszk\u00f3d. Uchwyt mo\u017cna r\u00f3wnie\u017c z\u0142o\u017cy\u0107.<\/p>\n<\/div>\n\n\n\n<div class=\"wp-block-column is-layout-flow wp-block-column-is-layout-flow\">\n<h4 class=\"wp-block-heading\" id=\"kompaktowa-i-ergonomiczna\">Kompaktowa i ergonomiczna<\/h4>\n\n\n\n<p>Zintegrowany akumulator jest doskonale zbalansowany do ci\u0119cia pod r\u00f3\u017cnym k\u0105tem. Kosa przez to bardzo dobrze le\u017cy w d\u0142oni. Smuk\u0142a budowa pozostawia szeroki zakres ruchu.<\/p>\n<\/div>\n<\/div>\n\n\n\n<div class=\"wp-block-columns is-layout-flex wp-container-core-columns-is-layout-9d6595d7 wp-block-columns-is-layout-flex\">\n<div class=\"wp-block-column is-layout-flow wp-block-column-is-layout-flow\">\n<h4 class=\"wp-block-heading\" id=\"cicha-praca\">Cicha praca<\/h4>\n\n\n\n<p>Urz\u0105dzenia akumulatorowe STIHL serii COMPACT s\u0105 tak ciche, \u017ce nie ma potrzeby stosowania ochronnik\u00f3w s\u0142uchu.<\/p>\n<\/div>\n\n\n\n<div class=\"wp-block-column is-layout-flow wp-block-column-is-layout-flow\">\n<h4 class=\"wp-block-heading\" id=\"miekki-uchwyt-i-zawiesie\">Mi\u0119kki uchwyt i zawiesie<\/h4>\n\n\n\n<p>Dzi\u0119ki mi\u0119kkiemu uchwytowi z blokad\u0105 w\u0142\u0105cznika oraz w\u0142\u0105cznikiem, u\u017cytkownik w pe\u0142ni kontroluje kos\u0119. Zawiesie do przytwierdzania na \u015bcianie zaoszcz\u0119dzi miejsce i zapewni bezpieczne przechowywanie.<\/p>\n<\/div>\n\n\n\n<div class=\"wp-block-column is-layout-flow wp-block-column-is-layout-flow\"><\/div>\n<\/div>\n","protected":false},"excerpt":{"rendered":"<p>Kompaktowa, lekka akumulatorowa kosa mechaniczna do trymowania i prostych prac wyko\u0144czeniowych w przydomowym ogrodzie. Wyposa\u017cona w zintegrowany akumulator ze wska\u017anikiem na\u0142adowania, wysi\u0119gnik i uchwyt obwiedniowy regulowany bez u\u017cycia dodatkowych narz\u0119dzi. Regulacja k\u0105ta roboczego g\u0142owicy tn\u0105cej umo\u017cliwia m. in. pionowe przycinanie kraw\u0119dzi trawnik\u00f3w. W prosty spos\u00f3b mo\u017cna zmieni\u0107 no\u017cyki PolyCut na \u017cy\u0142k\u0119 tn\u0105c\u0105 &#8211; bez konieczno\u015bci [&hellip;]<\/p>\n","protected":false},"featured_media":7496,"comment_status":"open","ping_status":"closed","template":"","meta":[],"product_brand":[],"product_cat":[71,67],"product_tag":[],"class_list":{"0":"post-7493","1":"product","2":"type-product","3":"status-publish","4":"has-post-thumbnail","6":"product_cat-urzadzenia-akumulatorowe","7":"product_cat-urzadzenia-do-pracy-w-ogrodzie","9":"first","10":"instock","11":"taxable","12":"shipping-taxable","13":"purchasable","14":"product-type-simple"},"_links":{"self":[{"href":"https:\/\/precto.pl\/sklep\/wp-json\/wp\/v2\/product\/7493","targetHints":{"allow":["GET"]}}],"collection":[{"href":"https:\/\/precto.pl\/sklep\/wp-json\/wp\/v2\/product"}],"about":[{"href":"https:\/\/precto.pl\/sklep\/wp-json\/wp\/v2\/types\/product"}],"replies":[{"embeddable":true,"href":"https:\/\/precto.pl\/sklep\/wp-json\/wp\/v2\/comments?post=7493"}],"wp:featuredmedia":[{"embeddable":true,"href":"https:\/\/precto.pl\/sklep\/wp-json\/wp\/v2\/media\/7496"}],"wp:attachment":[{"href":"https:\/\/precto.pl\/sklep\/wp-json\/wp\/v2\/media?parent=7493"}],"wp:term":[{"taxonomy":"product_brand","embeddable":true,"href":"https:\/\/precto.pl\/sklep\/wp-json\/wp\/v2\/product_brand?post=7493"},{"taxonomy":"product_cat","embeddable":true,"href":"https:\/\/precto.pl\/sklep\/wp-json\/wp\/v2\/product_cat?post=7493"},{"taxonomy":"product_tag","embeddable":true,"href":"https:\/\/precto.pl\/sklep\/wp-json\/wp\/v2\/product_tag?post=7493"}],"curies":[{"name":"wp","href":"https:\/\/api.w.org\/{rel}","templated":true}]}}