{"id":6614,"date":"2022-01-18T07:42:56","date_gmt":"2022-01-18T06:42:56","guid":{"rendered":"https:\/\/precto.pl\/sklep\/produkt\/lancuch-stihl-pilarka-ms-170-38-11-dlugosc-30-cm\/"},"modified":"2022-10-06T12:35:20","modified_gmt":"2022-10-06T10:35:20","slug":"lancuch-stihl-pilarka-ms-170-38-11-dlugosc-30-cm","status":"publish","type":"product","link":"https:\/\/precto.pl\/sklep\/lancuch-stihl-pilarka-ms-170-38-11-dlugosc-30-cm\/","title":{"rendered":"\u0141A\u0143CUCH STIHL PILARKA MS 170 3\/8 1,1 D\u0141UGO\u015a\u0106 30 CM"},"content":{"rendered":"<table width=\"100%\">\n<tr>\n<td width=\"50%\">\n<h3>\u0141A\u0143CUCH STIHL PILARKA MS 170 3\/8 1,1 D\u0141UGO\u015a\u0106 30 CM<\/h3>\n<p>NUMER KATALOGOWY :<\/p>\n<h3>375-11-0050<\/h3>\n<p>W ZESTAWIE :<\/p>\n<ul>\n<li>\u0141A\u0143CUCH DO PILARKI STIHL MS 170<\/li>\n<\/ul>\n<p>CHARAKTERYSTYKA :<\/p>\n<ul>\n<li><b>D\u0141UGO\u015a\u0106 PROWADNICY &#8211; 30 CM<\/b><\/li>\n<li><b>SKOK<\/b> <b>&#8211; 3\/8 CALA<\/b><\/li>\n<li><b>LICZBA Z\u0118B\u00d3W &#8211; 22<\/b><\/li>\n<li><b>GRUBO\u015a\u0106 OGNIWA &#8211; 1,1 MM<\/b><\/li>\n<\/ul>\n<h3>PASUJE DO WSZYSTKICH PILAREK STIHL Z PROWADNIC\u0104 30 CM I GRUBO\u015aCI\u0104 OGNIWA 1,1 MM, ORYGINALNIE DO STIHL MS 170 I MS 171 I 017<\/h3>\n<p><b>Paragon \/ FV<\/b><\/p>\n<p><b>PRODUCENT : DOLPIMA<\/b><\/p>\n<p><b>PRODUKT\u00a0 : ZAMIENNIK TURECKI<\/b><\/p>\n<\/td>\n<\/tr>\n<tr>\n<td>\u00a0<\/td>\n<\/tr>\n<tr>\n<td colspan=\"2\">\n<p>Przy zakupie kilku produkt\u00f3w w naszym sklepie za przesy\u0142k\u0119 zap\u0142ac\u0105 Pa\u0144stwo tylko raz.<\/p>\n<p>W naszym sklepie internetowym znajd\u0105 pa\u0144stwo szeroki asortyment cz\u0119\u015bci do:<\/p>\n<ul>\n<li>pilarek spalinowych i elektrycznych wielu marek m.in. stihl, husqvarna, dolmar, makita, oleo mac, solo, jonserad itp.<\/li>\n<li>kos spalinowych ww. marek<\/li>\n<li>kosiarek spalinowych z silnikami briggs &amp; stratton, loncin, honda<\/li>\n<li>przecinarek do betonu<\/li>\n<li>maszyn budowlanych wacker<\/li>\n<li>wielu innych maszyn i urz\u0105dze\u0144 wykorzystywanych w przydomowych pracach<\/li>\n<li>oraz pilniki, \u0142a\u0144cuchy, prowadnice, oleje, \u015brodki ochrony osobistej i wiele innych produkt\u00f3w i urz\u0105dze\u0144 pomocnych przy pracy w lesie, domu czy ogrodzie.<\/li>\n<\/ul>\n<p>Ci\u0105gle poszerzamy nasz\u0105 ofert\u0119 o nowe produkty, poszukuj\u0105c jak najlepszych rozwi\u0105za\u0144 dla naszych klient\u00f3w.<\/p>\n<\/td>\n<\/tr>\n<tr>\n<td>\u00a0<\/td>\n<\/tr>\n<\/table>\n","protected":false},"excerpt":{"rendered":"<p>\u0141A\u0143CUCH STIHL PILARKA MS 170 3\/8 1,1 D\u0141UGO\u015a\u0106 30 CM<\/p>\n","protected":false},"featured_media":6613,"comment_status":"open","ping_status":"closed","template":"","meta":[],"product_brand":[],"product_cat":[35],"product_tag":[],"class_list":{"0":"post-6614","1":"product","2":"type-product","3":"status-publish","4":"has-post-thumbnail","6":"product_cat-prowadnice-i-lancuchy","8":"first","9":"instock","10":"taxable","11":"shipping-taxable","12":"purchasable","13":"product-type-simple"},"_links":{"self":[{"href":"https:\/\/precto.pl\/sklep\/wp-json\/wp\/v2\/product\/6614","targetHints":{"allow":["GET"]}}],"collection":[{"href":"https:\/\/precto.pl\/sklep\/wp-json\/wp\/v2\/product"}],"about":[{"href":"https:\/\/precto.pl\/sklep\/wp-json\/wp\/v2\/types\/product"}],"replies":[{"embeddable":true,"href":"https:\/\/precto.pl\/sklep\/wp-json\/wp\/v2\/comments?post=6614"}],"wp:featuredmedia":[{"embeddable":true,"href":"https:\/\/precto.pl\/sklep\/wp-json\/wp\/v2\/media\/6613"}],"wp:attachment":[{"href":"https:\/\/precto.pl\/sklep\/wp-json\/wp\/v2\/media?parent=6614"}],"wp:term":[{"taxonomy":"product_brand","embeddable":true,"href":"https:\/\/precto.pl\/sklep\/wp-json\/wp\/v2\/product_brand?post=6614"},{"taxonomy":"product_cat","embeddable":true,"href":"https:\/\/precto.pl\/sklep\/wp-json\/wp\/v2\/product_cat?post=6614"},{"taxonomy":"product_tag","embeddable":true,"href":"https:\/\/precto.pl\/sklep\/wp-json\/wp\/v2\/product_tag?post=6614"}],"curies":[{"name":"wp","href":"https:\/\/api.w.org\/{rel}","templated":true}]}}