{"id":4832,"date":"2022-01-18T07:06:27","date_gmt":"2022-01-18T06:06:27","guid":{"rendered":"https:\/\/precto.pl\/sklep\/produkt\/beben-sprzegla-husqvarna-143rii-236r-243r-541-543r\/"},"modified":"2024-06-18T01:05:36","modified_gmt":"2024-06-17T23:05:36","slug":"beben-sprzegla-husqvarna-143rii-236r-243r-541-543r","status":"publish","type":"product","link":"https:\/\/precto.pl\/sklep\/beben-sprzegla-husqvarna-143rii-236r-243r-541-543r\/","title":{"rendered":"B\u0118BEN SPRZ\u0118G\u0141A HUSQVARNA 143RII 236R 243R 541 543R"},"content":{"rendered":"<table width=\"100%\">\n<tr>\n<td width=\"50%\">\n<h3>B\u0118BEN SPRZ\u0118G\u0141A HUSQVARNA 143RII 505 29 38-01<\/h3>\n<h3>NOWY, WYSOKIEJ KLASY ZAMIENNIK<\/h3>\n<p>KOD PRODUKTU : <b>505 29 38-01<\/b><\/p>\n<p><b>PASUJE DO KOS :<\/b><\/p>\n<h3>HUSQVARNA<\/h3>\n<ul>\n<li>Husqvarna<\/li>\n<li>143R II (2008-06) Brushcutter<\/li>\n<li>143R II (2009-01) Brushcutter<\/li>\n<li>236R (2009-01) Brushcutter<\/li>\n<li>243R (2011-08) Brushcutter<\/li>\n<li>243R (2012-03) Brushcutter<\/li>\n<li>243RJ (2009-03) Brushcutter<\/li>\n<li>243RJ (2011-08) Brushcutter<\/li>\n<li>243RJ (2012-03) Brushcutter<\/li>\n<li>543 RS (967348201) (2015-11) For China<\/li>\n<li>543 RS (2014-05) Brushcutter<\/li>\n<li>543 RS (2012-03) Brushcutter<\/li>\n<li>543 RS (2011-08) Brushcutter<\/li>\n<li>531 RS (2018-01) Brushcutter<\/li>\n<li>541 RS (2018-01) Brushcutter<\/li>\n<li>541 RST (2018-01) Brushcutter<\/li>\n<\/ul>\n<h3>Paragon \/ FV<\/h3>\n<\/td>\n<\/tr>\n<tr>\n<td>\u00a0<\/td>\n<\/tr>\n<tr>\n<td colspan=\"2\">\n<p>Przy zakupie kilku produkt\u00f3w w naszym sklepie za przesy\u0142k\u0119 zap\u0142ac\u0105 Pa\u0144stwo tylko raz.<\/p>\n<p>W naszym sklepie internetowym znajd\u0105 pa\u0144stwo szeroki asortyment cz\u0119\u015bci do:<\/p>\n<ul>\n<li>pilarek spalinowych i elektrycznych wielu marek m.in. stihl, husqvarna, dolmar, makita, oleo mac, solo, jonserad itp.<\/li>\n<li>kos spalinowych ww. marek<\/li>\n<li>kosiarek spalinowych z silnikami briggs &amp; stratton, loncin, honda<\/li>\n<li>przecinarek do betonu<\/li>\n<li>maszyn budowlanych wacker<\/li>\n<li>wielu innych maszyn i urz\u0105dze\u0144 wykorzystywanych w przydomowych pracach<\/li>\n<li>oraz pilniki, \u0142a\u0144cuchy, prowadnice, oleje, \u015brodki ochrony osobistej i wiele innych produkt\u00f3w i urz\u0105dze\u0144 pomocnych przy pracy w lesie, domu czy ogrodzie.<\/li>\n<\/ul>\n<p>Ci\u0105gle poszerzamy nasz\u0105 ofert\u0119 o nowe produkty, poszukuj\u0105c jak najlepszych rozwi\u0105za\u0144 dla naszych klient\u00f3w.<\/p>\n<\/td>\n<\/tr>\n<tr>\n<td>\u00a0<\/td>\n<\/tr>\n<\/table>\n","protected":false},"excerpt":{"rendered":"<p>B\u0118BEN SPRZ\u0118G\u0141A HUSQVARNA 143RII 236R 243R 541 543R<\/p>\n","protected":false},"featured_media":4831,"comment_status":"open","ping_status":"closed","template":"","meta":[],"product_brand":[],"product_cat":[36],"product_tag":[],"class_list":{"0":"post-4832","1":"product","2":"type-product","3":"status-publish","4":"has-post-thumbnail","6":"product_cat-bebny-zebatki-sprzegla","8":"first","9":"instock","10":"taxable","11":"shipping-taxable","12":"purchasable","13":"product-type-simple"},"_links":{"self":[{"href":"https:\/\/precto.pl\/sklep\/wp-json\/wp\/v2\/product\/4832","targetHints":{"allow":["GET"]}}],"collection":[{"href":"https:\/\/precto.pl\/sklep\/wp-json\/wp\/v2\/product"}],"about":[{"href":"https:\/\/precto.pl\/sklep\/wp-json\/wp\/v2\/types\/product"}],"replies":[{"embeddable":true,"href":"https:\/\/precto.pl\/sklep\/wp-json\/wp\/v2\/comments?post=4832"}],"wp:featuredmedia":[{"embeddable":true,"href":"https:\/\/precto.pl\/sklep\/wp-json\/wp\/v2\/media\/4831"}],"wp:attachment":[{"href":"https:\/\/precto.pl\/sklep\/wp-json\/wp\/v2\/media?parent=4832"}],"wp:term":[{"taxonomy":"product_brand","embeddable":true,"href":"https:\/\/precto.pl\/sklep\/wp-json\/wp\/v2\/product_brand?post=4832"},{"taxonomy":"product_cat","embeddable":true,"href":"https:\/\/precto.pl\/sklep\/wp-json\/wp\/v2\/product_cat?post=4832"},{"taxonomy":"product_tag","embeddable":true,"href":"https:\/\/precto.pl\/sklep\/wp-json\/wp\/v2\/product_tag?post=4832"}],"curies":[{"name":"wp","href":"https:\/\/api.w.org\/{rel}","templated":true}]}}