{"id":4814,"date":"2022-01-18T07:06:09","date_gmt":"2022-01-18T06:06:09","guid":{"rendered":"https:\/\/precto.pl\/sklep\/produkt\/beben-sprzegla-echo-cs-341-3400-345-3450-346-360t\/"},"modified":"2023-09-22T11:22:42","modified_gmt":"2023-09-22T09:22:42","slug":"beben-sprzegla-echo-cs-341-3400-345-3450-346-360t","status":"publish","type":"product","link":"https:\/\/precto.pl\/sklep\/beben-sprzegla-echo-cs-341-3400-345-3450-346-360t\/","title":{"rendered":"B\u0118BEN SPRZ\u0118G\u0141A ECHO CS 341 3400 345 3450 346 360T"},"content":{"rendered":"<table width=\"100%\">\n<tr>\n<td width=\"50%\">\n<h3>B\u0118BEN SPRZ\u0118G\u0141A ECHO CS 310 CS 352 CS 353ES<\/h3>\n<p>\u0141O\u017bYSKO IGIE\u0141KOWE GRATIS<\/p>\n<p><b>PASUJE DO PILAREK<\/b><\/p>\n<p>Shindaiwa<\/p>\n<p>326T 326T Chainsaw<\/p>\n<p>326T 326T Chainsaw<\/p>\n<p>358Ts (C35714001001-C35714999999) Gasoline Chainsaws<\/p>\n<p>358Ts (C35813001001-C35813999999) Gasoline Chainsaws<\/p>\n<p>358Ts (C67515001001-C67515999999) Gasoline Chainsaws<\/p>\n<p>Echo<\/p>\n<p>CS-3000 (Type 1E) (After S\/N 001001) Chainsaw<\/p>\n<p>CS-3000 (Type 1E) (After S\/N 001001) Chainsaw<\/p>\n<p>CS-300 (03001001 &#8211; 03999999) Chainsaw<\/p>\n<p>CS-300 (03001001 &#8211; 03999999) Chainsaw<\/p>\n<p>CS-300 (04001001 &#8211; 04999999) Chainsaw<\/p>\n<p>CS-300 (04001001 &#8211; 04999999) Chainsaw<\/p>\n<p>CS-301 (02001001 &#8211; 02999999) Chainsaw<\/p>\n<p>CS-301 (02001001 &#8211; 02999999) Chainsaw<\/p>\n<p>CS-301 (04001001 &#8211; 04999999) Chainsaw<\/p>\n<p>CS-301 (04001001 &#8211; 04999999) Chainsaw<\/p>\n<p>CS-305 (03001001 &#8211; 03999999) Chainsaw<\/p>\n<p>CS-305 (03001001 &#8211; 03999999) Chainsaw<\/p>\n<p>CS-305 (04001001 &#8211; 04999999) Chainsaw<\/p>\n<p>CS-305 (04001001 &#8211; 04999999) Chainsaw<\/p>\n<p>CS-306 (02001001 &#8211; 02999999) Chainsaw<\/p>\n<p>CS-306 (02001001 &#8211; 02999999) Chainsaw<\/p>\n<p>CS-306 (04001001 &#8211; 04999999) Chainsaw<\/p>\n<p>CS-306 (04001001 &#8211; 04999999) Chainsaw<\/p>\n<p>CS-306 (C07511001001 &#8211; C07511999999) Chainsaw<\/p>\n<p>CS-306 (C07511001001 &#8211; C07511999999) Chainsaw<\/p>\n<p>CS-330MX4 (C07213001001 &#8211; C07213999999) Chainsaw<\/p>\n<p>CS-330MX4 (C07213001001 &#8211; C07213999999) Chainsaw<\/p>\n<p>CS-330T (C04212001001 &#8211; C04212999999) Chainsaw<\/p>\n<p>CS-330T (C04212001001 &#8211; C04212999999) Chainsaw<\/p>\n<p>CS-306 (C08411001001 &#8211; C08411999999) Chainsaw<\/p>\n<p>CS-306 (C08411001001 &#8211; C08411999999) Chainsaw<\/p>\n<p>CS-330MX4 (C07311001001 &#8211; C07311999999) Chainsaw<\/p>\n<p>CS-330MX4 (C07311001001 &#8211; C07311999999) Chainsaw<\/p>\n<p>CS-330T (C07711001001 &#8211; C07711999999) Chainsaw<\/p>\n<p>CS-330T (C07711001001 &#8211; C07711999999) Chainsaw<\/p>\n<p>CS-306 (C09413001001 &#8211; C09413999999) Chainsaw<\/p>\n<p>CS-306 (C09413001001 &#8211; C09413999999) Chainsaw<\/p>\n<p>CS-330MX4 (C07411001001 &#8211; C07411999999) Chainsaw<\/p>\n<p>CS-330MX4 (C07411001001 &#8211; C07411999999) Chainsaw<\/p>\n<p>CS-330T (C08611001001 &#8211; C08611999999) Chainsaw<\/p>\n<p>CS-330T (C08611001001 &#8211; C08611999999) Chainsaw<\/p>\n<p>CS-330T (09001001 &#8211; 09999999) Chainsaw<\/p>\n<p>CS-330T (09001001 &#8211; 09999999) Chainsaw<\/p>\n<p>CS-330T (C09613001001 &#8211; C09613999999) Chainsaw<\/p>\n<p>CS-330T (C09613001001 &#8211; C09613999999) Chainsaw<\/p>\n<p>CS-330T (10001001 &#8211; 10999999) Chainsaw<\/p>\n<p>CS-330T (10001001 &#8211; 10999999) Chainsaw<\/p>\n<p>CS-340 (03001001 &#8211; 03999999) Chainsaw<\/p>\n<p>CS-340 (03001001 &#8211; 03999999) Chainsaw<\/p>\n<p>CS-341 (02001001 &#8211; 02999999) Chainsaw<\/p>\n<p>CS-341 (02001001 &#8211; 02999999) Chainsaw<\/p>\n<p>CS-340 (04001001 &#8211; 04999999) Chainsaw<\/p>\n<p>CS-340 (04001001 &#8211; 04999999) Chainsaw<\/p>\n<p>CS-341 (04001001 &#8211; 04999999) Chainsaw<\/p>\n<p>CS-341 (04001001 &#8211; 04999999) Chainsaw<\/p>\n<p>CS-3400 (Type 1) Chainsaw<\/p>\n<p>CS-3400 (Type 1) Chainsaw<\/p>\n<p>CS-3400 (Type 1E) Chainsaw<\/p>\n<p>CS-3400 (Type 1E) Chainsaw<\/p>\n<p>CS-341 (C07611001001 &#8211; C07611999999) Chainsaw<\/p>\n<p>CS-341 (C07611001001 &#8211; C07611999999) Chainsaw<\/p>\n<p>CS-341 (C08511001001 &#8211; C08511999999) Chainsaw<\/p>\n<p>CS-341 (C08511001001 &#8211; C08511999999) Chainsaw<\/p>\n<p>CS-341 (C09513001001 &#8211; C09513999999) Chainsaw<\/p>\n<p>CS-341 (C09513001001 &#8211; C09513999999) Chainsaw<\/p>\n<p>CS-345 (03001001 &#8211; 03999999) Chainsaw<\/p>\n<p>CS-345 (03001001 &#8211; 03999999) Chainsaw<\/p>\n<p>CS-345 (04001001 &#8211; 04999999) Chainsaw<\/p>\n<p>CS-345 (04001001 &#8211; 04999999) Chainsaw<\/p>\n<p>CS-3450 (Type 1) (001001 &#8211; 025666) Chainsaw<\/p>\n<p>CS-3450 (Type 1) (001001 &#8211; 025666) Chainsaw<\/p>\n<p>CS-3450 (Type 1) (After S\/N 025667) Chainsaw<\/p>\n<p>CS-3450 (Type 1) (After S\/N 025667) Chainsaw<\/p>\n<p>CS-3450 (Type 1E) (After S\/N 001001) Chainsaw<\/p>\n<p>CS-3450 (Type 1E) (After S\/N 001001) Chainsaw<\/p>\n<p>CS-346 (02001001-02006473) Chainsaw<\/p>\n<p>CS-346 (02001001-02006473) Chainsaw<\/p>\n<p>CS-346 (02006474 &#8211; 02999999) Chainsaw<\/p>\n<p>CS-346 (02006474 &#8211; 02999999) Chainsaw<\/p>\n<p>CS-346 (04001001 &#8211; 04999999) Chainsaw<\/p>\n<p>CS-346 (04001001 &#8211; 04999999) Chainsaw<\/p>\n<p>CS-360T (09001001 &#8211; 09020623) Chainsaw<\/p>\n<p>CS-360T (09001001 &#8211; 09020623) Chainsaw<\/p>\n<p>CS-360T (09020624 &#8211; 09999999) Chainsaw<\/p>\n<p>CS-360T (09020624 &#8211; 09999999) Chainsaw<\/p>\n<p>CS-360T (10001001 &#8211; 10002126) Chainsaw<\/p>\n<p>CS-360T (10001001 &#8211; 10002126) Chainsaw<\/p>\n<p>CS-360T (10002727 &#8211; 10999999) Chainsaw<\/p>\n<p>CS-360T (10002727 &#8211; 10999999) Chainsaw<\/p>\n<p>CS-360T (C04412001001 &#8211; C04412999999) Chainsaw<\/p>\n<p>CS-360T (C04412001001 &#8211; C04412999999) Chainsaw<\/p>\n<p>CS-360T (C07811001001 &#8211; C07811999999) Chainsaw<\/p>\n<p>CS-360T (C07811001001 &#8211; C07811999999) Chainsaw<\/p>\n<p>CS-360T (C08711001001 &#8211; C08711999999) Chainsaw<\/p>\n<p>CS-360T (C08711001001 &#8211; C08711999999) Chainsaw<\/p>\n<p>CS-360T (C09713001001 &#8211; C09713999999) Chainsaw<\/p>\n<p>CS-360T (C09713001001 &#8211; C09713999999) Chainsaw<\/p>\n<p>CS-3500 Chainsaw<\/p>\n<p>CS-3500 Chainsaw<\/p>\n<p>CS-350TES Chainsaw<\/p>\n<p>CS-350TES Chainsaw<\/p>\n<p>CS-350TES (S\/N:?C24126001001?-?C24126999999) Chainsaw<\/p>\n<p>CS-350TES (S\/N:?C24126001001?-?C24126999999) Chainsaw<\/p>\n<p>CS-350TES (S\/N:?C48736001001?-?C48736999999) Chainsaw<\/p>\n<p>CS-350TES (S\/N:?C48736001001?-?C48736999999) Chainsaw<\/p>\n<p>CS-341 (C23111001001-C23111999999) Chainsaw<\/p>\n<p>CS-341 (C23111001001-C23111999999) Chainsaw<\/p>\n<p>CS-3000 (Type 1) (After S\/N 001001) Chainsaw<\/p>\n<p>CS-3000 (Type 1) (After S\/N 001001) Chainsaw<\/p>\n<p>CS-303T (C26012001001 &#8211; C26012999999) 30.1cc Top Handle Chain Saw<\/p>\n<p>CS-303T (C26012001001 &#8211; C26012999999) 30.1cc Top Handle Chain Saw<\/p>\n<p>CS-303T (C26111001001 &#8211; C26111999999) 30.1cc Top Handle Chain Saw<\/p>\n<p>CS-303T (C26111001001 &#8211; C26111999999) 30.1cc Top Handle Chain Saw<\/p>\n<p>CS-303T (C26213001001 &#8211; C26213999999) 30.1cc Top Handle Chain Saw<\/p>\n<p>CS-303T (C26213001001 &#8211; C26213999999) 30.1cc Top Handle Chain Saw<\/p>\n<p>CS-355T (C23411001001 &#8211; C23411999999) 35.8cc Top Handle Chain Saw<\/p>\n<p>CS-355T (C23411001001 &#8211; C23411999999) 35.8cc Top Handle Chain Saw<\/p>\n<p>CS-355T (C23512001001 &#8211; C23512999999) 35.8cc Top Handle Chain Saw<\/p>\n<p>CS-355T (C23512001001 &#8211; C23512999999) 35.8cc Top Handle Chain Saw<\/p>\n<p>CS-355T (C23613001001 &#8211; C23613999999) 35.8cc Top Handle Chain Saw<\/p>\n<p>CS-355T (C23613001001 &#8211; C23613999999) 35.8cc Top Handle Chain Saw<\/p>\n<p>CS-360TES (37001001-37999999) Chainsaw<\/p>\n<p>CS-361P (C51814001001-C51814999999) Chainsaw<\/p>\n<p>CS-361P (C51913001001-C51913999999) Chainsaw<\/p>\n<\/td>\n<\/tr>\n<tr>\n<td>\u00a0<\/td>\n<\/tr>\n<tr>\n<td colspan=\"2\">\n<p>Przy zakupie kilku produkt\u00f3w w naszym sklepie za przesy\u0142k\u0119 zap\u0142ac\u0105 Pa\u0144stwo tylko raz.<\/p>\n<p>W naszym sklepie internetowym znajd\u0105 pa\u0144stwo szeroki asortyment cz\u0119\u015bci do:<\/p>\n<ul>\n<li>pilarek spalinowych i elektrycznych wielu marek m.in. stihl, husqvarna, dolmar, makita, oleo mac, solo, jonserad itp.<\/li>\n<li>kos spalinowych ww. marek<\/li>\n<li>kosiarek spalinowych z silnikami briggs &amp; stratton, loncin, honda<\/li>\n<li>przecinarek do betonu<\/li>\n<li>maszyn budowlanych wacker<\/li>\n<li>wielu innych maszyn i urz\u0105dze\u0144 wykorzystywanych w przydomowych pracach<\/li>\n<li>oraz pilniki, \u0142a\u0144cuchy, prowadnice, oleje, \u015brodki ochrony osobistej i wiele innych produkt\u00f3w i urz\u0105dze\u0144 pomocnych przy pracy w lesie, domu czy ogrodzie.<\/li>\n<\/ul>\n<p>Ci\u0105gle poszerzamy nasz\u0105 ofert\u0119 o nowe produkty, poszukuj\u0105c jak najlepszych rozwi\u0105za\u0144 dla naszych klient\u00f3w.<\/p>\n<h3>\u00a0<\/h3>\n<h3>\u00a0<\/h3>\n<\/td>\n<\/tr>\n<tr>\n<td>\u00a0<\/td>\n<\/tr>\n<\/table>\n","protected":false},"excerpt":{"rendered":"<p>B\u0118BEN SPRZ\u0118G\u0141A ECHO CS 341 3400 345 3450 346 360T<\/p>\n","protected":false},"featured_media":4813,"comment_status":"open","ping_status":"closed","template":"","meta":[],"product_brand":[],"product_cat":[36],"product_tag":[],"class_list":{"0":"post-4814","1":"product","2":"type-product","3":"status-publish","4":"has-post-thumbnail","6":"product_cat-bebny-zebatki-sprzegla","8":"first","9":"instock","10":"taxable","11":"shipping-taxable","12":"purchasable","13":"product-type-simple"},"_links":{"self":[{"href":"https:\/\/precto.pl\/sklep\/wp-json\/wp\/v2\/product\/4814","targetHints":{"allow":["GET"]}}],"collection":[{"href":"https:\/\/precto.pl\/sklep\/wp-json\/wp\/v2\/product"}],"about":[{"href":"https:\/\/precto.pl\/sklep\/wp-json\/wp\/v2\/types\/product"}],"replies":[{"embeddable":true,"href":"https:\/\/precto.pl\/sklep\/wp-json\/wp\/v2\/comments?post=4814"}],"wp:featuredmedia":[{"embeddable":true,"href":"https:\/\/precto.pl\/sklep\/wp-json\/wp\/v2\/media\/4813"}],"wp:attachment":[{"href":"https:\/\/precto.pl\/sklep\/wp-json\/wp\/v2\/media?parent=4814"}],"wp:term":[{"taxonomy":"product_brand","embeddable":true,"href":"https:\/\/precto.pl\/sklep\/wp-json\/wp\/v2\/product_brand?post=4814"},{"taxonomy":"product_cat","embeddable":true,"href":"https:\/\/precto.pl\/sklep\/wp-json\/wp\/v2\/product_cat?post=4814"},{"taxonomy":"product_tag","embeddable":true,"href":"https:\/\/precto.pl\/sklep\/wp-json\/wp\/v2\/product_tag?post=4814"}],"curies":[{"name":"wp","href":"https:\/\/api.w.org\/{rel}","templated":true}]}}