{"id":4550,"date":"2022-01-18T07:01:01","date_gmt":"2022-01-18T06:01:01","guid":{"rendered":"https:\/\/precto.pl\/sklep\/produkt\/beben-sprzegla-kosz-homelite-3300-csp4016csp4518\/"},"modified":"2022-10-06T12:51:05","modified_gmt":"2022-10-06T10:51:05","slug":"beben-sprzegla-kosz-homelite-3300-csp4016csp4518","status":"publish","type":"product","link":"https:\/\/precto.pl\/sklep\/beben-sprzegla-kosz-homelite-3300-csp4016csp4518\/","title":{"rendered":"B\u0118BEN SPRZ\u0118G\u0141A KOSZ Homelite 3300 \/CSP4016\/CSP4518"},"content":{"rendered":"<table width=\"100%\">\n<tr>\n<td width=\"50%\">\n<h3>B\u0118BEN SPRZ\u0118G\u0141A KOSZ<\/h3>\n<h3>Homelite 3300 CSP4016 CSP4518<\/h3>\n<h3>Ryobi 4016<\/h3>\n<h3>OREGON<\/h3>\n<h3>Nowy<\/h3>\n<p><b>PASUJE DO PILAREK :<\/b><\/p>\n<ul>\n<li>Homelite 3300 CSP4016 CSP4518<\/li>\n<li>Ryobi 4016<\/li>\n<\/ul>\n<ul>\n<li><b>Podzia\u0142ka \u0142a\u0144cucha &#8211; ,325<\/b><\/li>\n<li><b>Ilo\u015b\u0107 z\u0119b\u00f3w &#8211; 7<\/b><\/li>\n<li><b>\u015arednica otworu na wa\u0142 12,70 mm<\/b><\/li>\n<li><b>Wysoko\u015b\u0107 p\u0142aszcza 13,72 mm<\/b><\/li>\n<li><b>Wysoko\u015b\u0107 z\u0119batki 12,24 mm<\/b><\/li>\n<li><b>\u015arednica wew. p\u0142aszcza 61,85 mm<\/b><\/li>\n<\/ul>\n<\/td>\n<\/tr>\n<tr>\n<td>\u00a0<\/td>\n<\/tr>\n<tr>\n<td colspan=\"2\">\n<p>Przy zakupie kilku produkt\u00f3w w naszym sklepie za przesy\u0142k\u0119 zap\u0142ac\u0105 Pa\u0144stwo tylko raz.<\/p>\n<p>W naszym sklepie internetowym znajd\u0105 pa\u0144stwo szeroki asortyment cz\u0119\u015bci do:<\/p>\n<ul>\n<li>pilarek spalinowych i elektrycznych wielu marek m.in. stihl, husqvarna, dolmar, makita, oleo mac, solo, jonserad itp.<\/li>\n<li>kos spalinowych ww. marek<\/li>\n<li>kosiarek spalinowych z silnikami briggs &amp; stratton, loncin, honda<\/li>\n<li>przecinarek do betonu<\/li>\n<li>maszyn budowlanych wacker<\/li>\n<li>wielu innych maszyn i urz\u0105dze\u0144 wykorzystywanych w przydomowych pracach<\/li>\n<li>oraz pilniki, \u0142a\u0144cuchy, prowadnice, oleje, \u015brodki ochrony osobistej i wiele innych produkt\u00f3w i urz\u0105dze\u0144 pomocnych przy pracy w lesie, domu czy ogrodzie.<\/li>\n<\/ul>\n<p>Ci\u0105gle poszerzamy nasz\u0105 ofert\u0119 o nowe produkty, poszukuj\u0105c jak najlepszych rozwi\u0105za\u0144 dla naszych klient\u00f3w.<\/p>\n<\/td>\n<\/tr>\n<tr>\n<td>\u00a0<\/td>\n<\/tr>\n<\/table>\n","protected":false},"excerpt":{"rendered":"<p>B\u0118BEN SPRZ\u0118G\u0141A KOSZ Homelite 3300 \/CSP4016\/CSP4518<\/p>\n","protected":false},"featured_media":4549,"comment_status":"open","ping_status":"closed","template":"","meta":[],"product_brand":[],"product_cat":[36],"product_tag":[],"class_list":{"0":"post-4550","1":"product","2":"type-product","3":"status-publish","4":"has-post-thumbnail","6":"product_cat-bebny-zebatki-sprzegla","8":"first","9":"instock","10":"taxable","11":"shipping-taxable","12":"purchasable","13":"product-type-simple"},"_links":{"self":[{"href":"https:\/\/precto.pl\/sklep\/wp-json\/wp\/v2\/product\/4550","targetHints":{"allow":["GET"]}}],"collection":[{"href":"https:\/\/precto.pl\/sklep\/wp-json\/wp\/v2\/product"}],"about":[{"href":"https:\/\/precto.pl\/sklep\/wp-json\/wp\/v2\/types\/product"}],"replies":[{"embeddable":true,"href":"https:\/\/precto.pl\/sklep\/wp-json\/wp\/v2\/comments?post=4550"}],"wp:featuredmedia":[{"embeddable":true,"href":"https:\/\/precto.pl\/sklep\/wp-json\/wp\/v2\/media\/4549"}],"wp:attachment":[{"href":"https:\/\/precto.pl\/sklep\/wp-json\/wp\/v2\/media?parent=4550"}],"wp:term":[{"taxonomy":"product_brand","embeddable":true,"href":"https:\/\/precto.pl\/sklep\/wp-json\/wp\/v2\/product_brand?post=4550"},{"taxonomy":"product_cat","embeddable":true,"href":"https:\/\/precto.pl\/sklep\/wp-json\/wp\/v2\/product_cat?post=4550"},{"taxonomy":"product_tag","embeddable":true,"href":"https:\/\/precto.pl\/sklep\/wp-json\/wp\/v2\/product_tag?post=4550"}],"curies":[{"name":"wp","href":"https:\/\/api.w.org\/{rel}","templated":true}]}}