{"id":4502,"date":"2022-01-18T07:00:08","date_gmt":"2022-01-18T06:00:08","guid":{"rendered":"https:\/\/precto.pl\/sklep\/produkt\/beben-sprzegla-kosz-stihl-023-ms230-025-250-oregon\/"},"modified":"2022-10-06T12:53:14","modified_gmt":"2022-10-06T10:53:14","slug":"beben-sprzegla-kosz-stihl-023-ms230-025-250-oregon","status":"publish","type":"product","link":"https:\/\/precto.pl\/sklep\/beben-sprzegla-kosz-stihl-023-ms230-025-250-oregon\/","title":{"rendered":"B\u0118BEN SPRZ\u0118G\u0141A KOSZ STIHL 023 MS230 025 250 OREGON"},"content":{"rendered":"<table width=\"100%\">\n<tr>\n<td width=\"50%\">\n<h3>B\u0118BEN SPRZ\u0118G\u0141A KOSZ STIHL 023 MS230 025 MS250 OREGON<\/h3>\n<h3>Nowy<\/h3>\n<p>PASUJE DO PILAREK :<\/p>\n<ul>\n<li><b>STIHL 023 025 MS 250 MS 230<\/b><\/li>\n<\/ul>\n<ul>\n<li><b>Podzia\u0142ka \u0142a\u0144cucha &#8211; .325<\/b><\/li>\n<li><b>Ilo\u015b\u0107 z\u0119b\u00f3w &#8211; 7<\/b><\/li>\n<li><b>\u015arednica otworu na wa\u0142 13,02 mm<\/b><\/li>\n<li><b>Wysoko\u015b\u0107 p\u0142aszcza 16,71 mm<\/b><\/li>\n<li><b>Wysoko\u015b\u0107 z\u0119batki 11,43 mm<\/b><\/li>\n<li><b>\u015arednica wew. p\u0142aszcza 66,37 mm<\/b><\/li>\n<\/ul>\n<h3>Paragon \/ FV<\/h3>\n<\/td>\n<\/tr>\n<tr>\n<td>\u00a0<\/td>\n<\/tr>\n<tr>\n<td colspan=\"2\">\n<p>Przy zakupie kilku produkt\u00f3w w naszym sklepie za przesy\u0142k\u0119 zap\u0142ac\u0105 Pa\u0144stwo tylko raz.<\/p>\n<p>W naszym sklepie internetowym znajd\u0105 pa\u0144stwo szeroki asortyment cz\u0119\u015bci do:<\/p>\n<ul>\n<li>pilarek spalinowych i elektrycznych wielu marek m.in. stihl, husqvarna, dolmar, makita, oleo mac, solo, jonserad itp.<\/li>\n<li>kos spalinowych ww. marek<\/li>\n<li>kosiarek spalinowych z silnikami briggs &amp; stratton, loncin, honda<\/li>\n<li>przecinarek do betonu<\/li>\n<li>maszyn budowlanych wacker<\/li>\n<li>wielu innych maszyn i urz\u0105dze\u0144 wykorzystywanych w przydomowych pracach<\/li>\n<li>oraz pilniki, \u0142a\u0144cuchy, prowadnice, oleje, \u015brodki ochrony osobistej i wiele innych produkt\u00f3w i urz\u0105dze\u0144 pomocnych przy pracy w lesie, domu czy ogrodzie.<\/li>\n<\/ul>\n<p>Ci\u0105gle poszerzamy nasz\u0105 ofert\u0119 o nowe produkty, poszukuj\u0105c jak najlepszych rozwi\u0105za\u0144 dla naszych klient\u00f3w.<\/p>\n<\/td>\n<\/tr>\n<tr>\n<td>\u00a0<\/td>\n<\/tr>\n<\/table>\n","protected":false},"excerpt":{"rendered":"<p>B\u0118BEN SPRZ\u0118G\u0141A KOSZ STIHL 023 MS230 025 250 OREGON<\/p>\n","protected":false},"featured_media":4501,"comment_status":"open","ping_status":"closed","template":"","meta":[],"product_brand":[],"product_cat":[36],"product_tag":[],"class_list":{"0":"post-4502","1":"product","2":"type-product","3":"status-publish","4":"has-post-thumbnail","6":"product_cat-bebny-zebatki-sprzegla","8":"first","9":"instock","10":"taxable","11":"shipping-taxable","12":"purchasable","13":"product-type-simple"},"_links":{"self":[{"href":"https:\/\/precto.pl\/sklep\/wp-json\/wp\/v2\/product\/4502","targetHints":{"allow":["GET"]}}],"collection":[{"href":"https:\/\/precto.pl\/sklep\/wp-json\/wp\/v2\/product"}],"about":[{"href":"https:\/\/precto.pl\/sklep\/wp-json\/wp\/v2\/types\/product"}],"replies":[{"embeddable":true,"href":"https:\/\/precto.pl\/sklep\/wp-json\/wp\/v2\/comments?post=4502"}],"wp:featuredmedia":[{"embeddable":true,"href":"https:\/\/precto.pl\/sklep\/wp-json\/wp\/v2\/media\/4501"}],"wp:attachment":[{"href":"https:\/\/precto.pl\/sklep\/wp-json\/wp\/v2\/media?parent=4502"}],"wp:term":[{"taxonomy":"product_brand","embeddable":true,"href":"https:\/\/precto.pl\/sklep\/wp-json\/wp\/v2\/product_brand?post=4502"},{"taxonomy":"product_cat","embeddable":true,"href":"https:\/\/precto.pl\/sklep\/wp-json\/wp\/v2\/product_cat?post=4502"},{"taxonomy":"product_tag","embeddable":true,"href":"https:\/\/precto.pl\/sklep\/wp-json\/wp\/v2\/product_tag?post=4502"}],"curies":[{"name":"wp","href":"https:\/\/api.w.org\/{rel}","templated":true}]}}