{"id":4203,"date":"2022-01-18T06:54:17","date_gmt":"2022-01-18T05:54:17","guid":{"rendered":"https:\/\/precto.pl\/sklep\/produkt\/glowica-do-kosy-m10-125-texas-lider-victus-bc-cg\/"},"modified":"2023-05-24T18:05:24","modified_gmt":"2023-05-24T16:05:24","slug":"glowica-do-kosy-m10-125-texas-lider-victus-bc-cg","status":"publish","type":"product","link":"https:\/\/precto.pl\/sklep\/glowica-do-kosy-m10-125-texas-lider-victus-bc-cg\/","title":{"rendered":"G\u0141OWICA DO KOSY M10 1,25 TEXAS LIDER VICTUS BC CG"},"content":{"rendered":"<table width=\"100%\">\n<tr>\n<td width=\"50%\">\n<h3>G\u0141OWICA DO KOSY M10 1,25 NAC DEMON CHI\u0143SKIE BC CG<\/h3>\n<p>NUMER KAT : 10125RPA<\/p>\n<p><b>NOWA G\u0141OWICA KOSZ\u0104CA DO KOS\u00a0<\/b>NAC DEMON CHI\u0143SKIE BC CG<\/p>\n<p>WYMIARY :<\/p>\n<ul>\n<li><b>GWINT &#8211; M10 X 1,25 MM<\/b><\/li>\n<li><b>WYSOKO\u015a\u0106 &#8211; 80 MM<\/b><\/li>\n<li><b>\u015aREDNICA 115 MM<\/b><\/li>\n<\/ul>\n<p><b>MODELE DO KT\u00d3RYCH PASUJE G\u0141OWICA :<\/b><\/p>\n<ul>\n<li><b>KAWASAKI \u2013\u00a0<\/b>KBH27, 34, 43, 48<\/li>\n<li><b>MAKITA \u2013\u00a0<\/b>DBC250, 300, 340, 290<\/li>\n<li><b>HONDA \u2013\u00a0<\/b>UMK425, 435, 431<\/li>\n<li><b>DOLMAR \u2013\u00a0<\/b>MS25, 30, 340<\/li>\n<li><b>ECHO \u2013\u00a0<\/b>SRM2305, 5000, 4000, 350, 330, 250<\/li>\n<li><b>ALKO \u2013\u00a0<\/b>BC301<\/li>\n<li><b>TEXAS \u2013\u00a0<\/b>CG430B, CG330, CG260, BC320, BC300<\/li>\n<li><b>NAC \u2013\u00a0<\/b>CG430N, CG33N, CG360N, CG430B, CG260B<\/li>\n<li><b>VICTUS \u2013<\/b>\u00a0BC301, BC43, BC32, BC36<\/li>\n<li><b>DEMON \u2013<\/b> QR415, QR430<\/li>\n<\/ul>\n<p><b>WYSOKIEJ KLASY ZAMIENNIK CZ\u0118\u015aCI ORYGINALNEJ STOSOWANY PRZEZ NAS I NASZYCH KLIENT\u00d3W.<\/b><\/p>\n<p><b>\u017bY\u0141KA WYSUWA SI\u0118 Z G\u0141OWICY POPRZEZ NACI\u015aNI\u0118CIE O POWIERZCHNI\u0118 KOSZON\u0104.<\/b><\/p>\n<p><b>SUGEROWANA GRUBO\u015a\u0106 \u017bY\u0141KI : 2,00 MM &#8211; 3,0 MM<\/b><\/p>\n<p><b>WRAZ Z \u017bY\u0141K\u0104 NAWINI\u0118T\u0104 NA SZPUL\u0118 G\u0141OWICY<\/b><\/p>\n<p><b>PARAGON LUB FV<\/b><\/p>\n<\/td>\n<\/tr>\n<tr>\n<td>\u00a0<\/td>\n<\/tr>\n<tr>\n<td colspan=\"2\">\n<p>Przy zakupie kilku produkt\u00f3w w naszym sklepie za przesy\u0142k\u0119 zap\u0142ac\u0105 Pa\u0144stwo tylko raz.<\/p>\n<p>W naszym sklepie internetowym znajd\u0105 pa\u0144stwo szeroki asortyment cz\u0119\u015bci do:<\/p>\n<ul>\n<li>pilarek spalinowych i elektrycznych wielu marek m.in. stihl, husqvarna, dolmar, makita, oleo mac, solo, jonserad itp.<\/li>\n<li>kos spalinowych ww. marek<\/li>\n<li>kosiarek spalinowych z silnikami briggs &amp; stratton, loncin, honda<\/li>\n<li>przecinarek do betonu<\/li>\n<li>maszyn budowlanych wacker<\/li>\n<li>wielu innych maszyn i urz\u0105dze\u0144 wykorzystywanych w przydomowych pracach<\/li>\n<li>oraz pilniki, \u0142a\u0144cuchy, prowadnice, oleje, \u015brodki ochrony osobistej i wiele innych produkt\u00f3w i urz\u0105dze\u0144 pomocnych przy pracy w lesie, domu czy ogrodzie.<\/li>\n<\/ul>\n<p>Ci\u0105gle poszerzamy nasz\u0105 ofert\u0119 o nowe produkty, poszukuj\u0105c jak najlepszych rozwi\u0105za\u0144 dla naszych klient\u00f3w.<\/p>\n<\/td>\n<\/tr>\n<tr>\n<td>\u00a0<\/td>\n<\/tr>\n<\/table>\n","protected":false},"excerpt":{"rendered":"<p>G\u0141OWICA DO KOSY M10 1,25 TEXAS LIDER VICTUS BC CG<\/p>\n","protected":false},"featured_media":4202,"comment_status":"open","ping_status":"closed","template":"","meta":[],"product_brand":[],"product_cat":[24],"product_tag":[],"class_list":{"0":"post-4203","1":"product","2":"type-product","3":"status-publish","4":"has-post-thumbnail","6":"product_cat-glowice","8":"first","9":"instock","10":"taxable","11":"shipping-taxable","12":"purchasable","13":"product-type-simple"},"_links":{"self":[{"href":"https:\/\/precto.pl\/sklep\/wp-json\/wp\/v2\/product\/4203","targetHints":{"allow":["GET"]}}],"collection":[{"href":"https:\/\/precto.pl\/sklep\/wp-json\/wp\/v2\/product"}],"about":[{"href":"https:\/\/precto.pl\/sklep\/wp-json\/wp\/v2\/types\/product"}],"replies":[{"embeddable":true,"href":"https:\/\/precto.pl\/sklep\/wp-json\/wp\/v2\/comments?post=4203"}],"wp:featuredmedia":[{"embeddable":true,"href":"https:\/\/precto.pl\/sklep\/wp-json\/wp\/v2\/media\/4202"}],"wp:attachment":[{"href":"https:\/\/precto.pl\/sklep\/wp-json\/wp\/v2\/media?parent=4203"}],"wp:term":[{"taxonomy":"product_brand","embeddable":true,"href":"https:\/\/precto.pl\/sklep\/wp-json\/wp\/v2\/product_brand?post=4203"},{"taxonomy":"product_cat","embeddable":true,"href":"https:\/\/precto.pl\/sklep\/wp-json\/wp\/v2\/product_cat?post=4203"},{"taxonomy":"product_tag","embeddable":true,"href":"https:\/\/precto.pl\/sklep\/wp-json\/wp\/v2\/product_tag?post=4203"}],"curies":[{"name":"wp","href":"https:\/\/api.w.org\/{rel}","templated":true}]}}