{"id":3917,"date":"2022-01-18T06:48:41","date_gmt":"2022-01-18T05:48:41","guid":{"rendered":"https:\/\/precto.pl\/sklep\/produkt\/cylinder-tlok-uszczelki-lozysk-husqvarna-254-254xp\/"},"modified":"2022-10-06T13:00:19","modified_gmt":"2022-10-06T11:00:19","slug":"cylinder-tlok-uszczelki-lozysk-husqvarna-254-254xp","status":"publish","type":"product","link":"https:\/\/precto.pl\/sklep\/cylinder-tlok-uszczelki-lozysk-husqvarna-254-254xp\/","title":{"rendered":"CYLINDER T\u0141OK USZCZELKI \u0141O\u017bYSK HUSQVARNA 254 254XP"},"content":{"rendered":"<table width=\"100%\">\n<tr>\n<td width=\"50%\">\n<p><b>PRODUKT NOWY, NIE U\u017bYWANY, GOTOWY DO MONTA\u017bU<\/b><\/p>\n<p><b>\u015aREDNICA : 45MM<\/b><\/p>\n<p><b>PRODUCENT CYLINDRA : FARMERTEC<\/b><\/p>\n<p><b>\u0141O\u017bYSKA : SKF<\/b><\/p>\n<p><b>W SK\u0141AD ZESTAWU WCHODZ\u0104 :<\/b><\/p>\n<ul>\n<li><b>CYLINDER<\/b><\/li>\n<li><b>T\u0141OK<\/b><\/li>\n<li><b>PIER\u015aCIE\u0143 T\u0141OKA<\/b><\/li>\n<li><b>ZABEZPIECZENIA T\u0141OKA<\/b><\/li>\n<li><b>SWORZE\u0143<\/b><\/li>\n<li><b>ZESTAW USZCZELEK<\/b><\/li>\n<li><b>USZCZELNIACZE X2<\/b><\/li>\n<li><b>\u0141O\u017bYSKA X2<\/b><\/li>\n<\/ul>\n<p><b>PASUJE DO MASZYN :<\/b><\/p>\n<ul>\n<li>Husqvarna 254 254XP<\/li>\n<\/ul>\n<\/td>\n<\/tr>\n<tr>\n<td>\u00a0<\/td>\n<\/tr>\n<tr>\n<td colspan=\"2\">\n<p>Przy zakupie kilku produkt\u00f3w w naszym sklepie za przesy\u0142k\u0119 zap\u0142ac\u0105 Pa\u0144stwo tylko raz.<\/p>\n<p>W naszym sklepie internetowym znajd\u0105 pa\u0144stwo szeroki asortyment cz\u0119\u015bci do:<\/p>\n<ul>\n<li>pilarek spalinowych i elektrycznych wielu marek m.in. stihl, husqvarna, dolmar, makita, oleo mac, solo, jonserad itp.<\/li>\n<li>kos spalinowych ww. marek<\/li>\n<li>kosiarek spalinowych z silnikami briggs &amp; stratton, loncin, honda<\/li>\n<li>przecinarek do betonu<\/li>\n<li>maszyn budowlanych wacker<\/li>\n<li>wielu innych maszyn i urz\u0105dze\u0144 wykorzystywanych w przydomowych pracach<\/li>\n<li>oraz pilniki, \u0142a\u0144cuchy, prowadnice, oleje, \u015brodki ochrony osobistej i wiele innych produkt\u00f3w i urz\u0105dze\u0144 pomocnych przy pracy w lesie, domu czy ogrodzie.<\/li>\n<\/ul>\n<p>Ci\u0105gle poszerzamy nasz\u0105 ofert\u0119 o nowe produkty, poszukuj\u0105c jak najlepszych rozwi\u0105za\u0144 dla naszych klient\u00f3w.<\/p>\n<\/td>\n<\/tr>\n<tr>\n<td>\u00a0<\/td>\n<\/tr>\n<\/table>\n","protected":false},"excerpt":{"rendered":"<p>CYLINDER T\u0141OK USZCZELKI \u0141O\u017bYSK HUSQVARNA 254 254XP<\/p>\n","protected":false},"featured_media":3916,"comment_status":"open","ping_status":"closed","template":"","meta":[],"product_brand":[],"product_cat":[64],"product_tag":[],"class_list":{"0":"post-3917","1":"product","2":"type-product","3":"status-publish","4":"has-post-thumbnail","6":"product_cat-cylindry-i-tloki-czesci-do-pilarek-spalinowych","8":"first","9":"instock","10":"taxable","11":"shipping-taxable","12":"purchasable","13":"product-type-simple"},"_links":{"self":[{"href":"https:\/\/precto.pl\/sklep\/wp-json\/wp\/v2\/product\/3917","targetHints":{"allow":["GET"]}}],"collection":[{"href":"https:\/\/precto.pl\/sklep\/wp-json\/wp\/v2\/product"}],"about":[{"href":"https:\/\/precto.pl\/sklep\/wp-json\/wp\/v2\/types\/product"}],"replies":[{"embeddable":true,"href":"https:\/\/precto.pl\/sklep\/wp-json\/wp\/v2\/comments?post=3917"}],"wp:featuredmedia":[{"embeddable":true,"href":"https:\/\/precto.pl\/sklep\/wp-json\/wp\/v2\/media\/3916"}],"wp:attachment":[{"href":"https:\/\/precto.pl\/sklep\/wp-json\/wp\/v2\/media?parent=3917"}],"wp:term":[{"taxonomy":"product_brand","embeddable":true,"href":"https:\/\/precto.pl\/sklep\/wp-json\/wp\/v2\/product_brand?post=3917"},{"taxonomy":"product_cat","embeddable":true,"href":"https:\/\/precto.pl\/sklep\/wp-json\/wp\/v2\/product_cat?post=3917"},{"taxonomy":"product_tag","embeddable":true,"href":"https:\/\/precto.pl\/sklep\/wp-json\/wp\/v2\/product_tag?post=3917"}],"curies":[{"name":"wp","href":"https:\/\/api.w.org\/{rel}","templated":true}]}}