{"id":1941,"date":"2022-01-18T06:10:14","date_gmt":"2022-01-18T05:10:14","guid":{"rendered":"https:\/\/precto.pl\/sklep\/produkt\/wciagarka-elektryczna-pansam-400800kg\/"},"modified":"2022-10-06T12:03:24","modified_gmt":"2022-10-06T10:03:24","slug":"wciagarka-elektryczna-pansam-400800kg","status":"publish","type":"product","link":"https:\/\/precto.pl\/sklep\/wciagarka-elektryczna-pansam-400800kg\/","title":{"rendered":"Wci\u0105garka elektryczna PANSAM 400\/800kg"},"content":{"rendered":"<table width=\"100%\">\n<tr>\n<td width=\"50%\">\n<p>Wci\u0105garka elektryczna\u00a0 jest przeznaczona do unoszenia przedmiot\u00f3w w pionie. Przedmioty wci\u0105gane s\u0105 za pomoc\u0105 haka zamontowanego na sta\u0142e do liny. Urz\u0105dzenie jest wyposa\u017cone w automatyczny wy\u0142\u0105cznik zabezpieczaj\u0105cy przed zerwaniem liny po wci\u0105gni\u0119ciu przedmiotu. Wci\u0105garka pozwala na podniesienie \u0142adunku na wysoko\u015b\u0107 6 m przy maksymalnym obci\u0105\u017ceniu 800kg lub 12 m przy 400kg. Przystosowana do monta\u017cu na wysi\u0119gniku.<\/p>\n<p>Cechy<\/p>\n<ul>\n<li>Automatyczny wy\u0142\u0105cznik zabezpieczaj\u0105cy przed zerwaniem liny<\/li>\n<li>Przystosowany do monta\u017cu na wysi\u0119gniku<\/li>\n<\/ul>\n<p>Dane techniczne<\/p>\n<ul>\n<li>Moc: 1200 W<\/li>\n<li>Napi\u0119cie: 220-240 V, 50 Hz<\/li>\n<li>Maks. obci\u0105\u017cenie: 400 kg<\/li>\n<li>Maks. obci\u0105\u017cenie ze zbloczem: 800 kg<\/li>\n<li>Pr\u0119dko\u015b\u0107 podnoszenia: 8 m\/min<\/li>\n<li>Pr\u0119dko\u015b\u0107 podnoszenia ze zbloczem: 4 m\/min<\/li>\n<li>Maks. wysoko\u015b\u0107 podnoszenia: 12 m<\/li>\n<li>Maks. wysoko\u015b\u0107 podnoszenia ze zbloczem: 6 m<\/li>\n<li>\u015arednica liny wci\u0105gnika: 5 mm<\/li>\n<li>D\u0142ugo\u015b\u0107 liny wci\u0105gnika: 12,5 m<\/li>\n<li>Masa: 19,5 kg<\/li>\n<\/ul>\n<p>Kompletacja<\/p>\n<ul>\n<li>Wci\u0105garka<\/li>\n<li>Zblocze z hakiem<\/li>\n<li>Obejmy mocuj\u0105ce<\/li>\n<li>\u015aruby mocuj\u0105ce obejmy<\/li>\n<\/ul>\n<\/td>\n<\/tr>\n<tr>\n<td>\u00a0<\/td>\n<\/tr>\n<\/table>\n","protected":false},"excerpt":{"rendered":"<p>Wci\u0105garka elektryczna PANSAM 400\/800kg<\/p>\n","protected":false},"featured_media":1940,"comment_status":"open","ping_status":"closed","template":"","meta":[],"product_brand":[],"product_cat":[33],"product_tag":[],"class_list":{"0":"post-1941","1":"product","2":"type-product","3":"status-publish","4":"has-post-thumbnail","6":"product_cat-narzedzia-dedra","8":"first","9":"instock","10":"taxable","11":"shipping-taxable","12":"purchasable","13":"product-type-simple"},"_links":{"self":[{"href":"https:\/\/precto.pl\/sklep\/wp-json\/wp\/v2\/product\/1941","targetHints":{"allow":["GET"]}}],"collection":[{"href":"https:\/\/precto.pl\/sklep\/wp-json\/wp\/v2\/product"}],"about":[{"href":"https:\/\/precto.pl\/sklep\/wp-json\/wp\/v2\/types\/product"}],"replies":[{"embeddable":true,"href":"https:\/\/precto.pl\/sklep\/wp-json\/wp\/v2\/comments?post=1941"}],"wp:featuredmedia":[{"embeddable":true,"href":"https:\/\/precto.pl\/sklep\/wp-json\/wp\/v2\/media\/1940"}],"wp:attachment":[{"href":"https:\/\/precto.pl\/sklep\/wp-json\/wp\/v2\/media?parent=1941"}],"wp:term":[{"taxonomy":"product_brand","embeddable":true,"href":"https:\/\/precto.pl\/sklep\/wp-json\/wp\/v2\/product_brand?post=1941"},{"taxonomy":"product_cat","embeddable":true,"href":"https:\/\/precto.pl\/sklep\/wp-json\/wp\/v2\/product_cat?post=1941"},{"taxonomy":"product_tag","embeddable":true,"href":"https:\/\/precto.pl\/sklep\/wp-json\/wp\/v2\/product_tag?post=1941"}],"curies":[{"name":"wp","href":"https:\/\/api.w.org\/{rel}","templated":true}]}}