{"id":1192,"date":"2022-01-18T05:54:45","date_gmt":"2022-01-18T04:54:45","guid":{"rendered":"https:\/\/precto.pl\/sklep\/produkt\/pilarka-elektryczna-pila-garden-dedra-22kw-40cm\/"},"modified":"2022-10-06T12:03:24","modified_gmt":"2022-10-06T10:03:24","slug":"pilarka-elektryczna-pila-garden-dedra-22kw-40cm","status":"publish","type":"product","link":"https:\/\/precto.pl\/sklep\/pilarka-elektryczna-pila-garden-dedra-22kw-40cm\/","title":{"rendered":"Pilarka elektryczna, pi\u0142a GARDEN DEDRA 2,2kW 40cm"},"content":{"rendered":"<table width=\"100%\">\n<tr>\n<td width=\"50%\">\n<p>Pilarka \u0142ancuchowa elektryczna to narz\u0119dzie, kt\u00f3re znajdzie swoje zastosowanie w domu, ogrodzie czy na placu budowy. D\u0142ugo\u015b\u0107 prowadnicy w tym modeu to 40 cm. Pilarka zosta\u0142a wyposa\u017cona w system pozwalaj\u0105cy na szybk\u0105 i \u0142atw\u0105 korekt\u0119 stopnia napi\u0119cia \u0142a\u0144cucha bez u\u017cycia narz\u0119dzi. Pr\u0119dko\u015b\u0107 \u0142a\u0144cucha wynosz\u0105ca 13m\/sek zapewni u\u017cytkownikowi szybkie i efektywne ci\u0119cie. Urz\u0105dzenie posiada bezpieczny w\u0142\u0105cznik,zabezpieczaj\u0105cy przed przypadkowym uruchomieniem. Pi\u0142a jest tak\u017ce wyposa\u017cona w hamulec automatyczny,kt\u00f3ry zatrzymuje \u0142a\u0144cuch oraz urz\u0105dzenie w przypadku podbicia urz\u0105dzenia podczas ci\u0119cia.<\/p>\n<p>Cechy<\/p>\n<ul>\n<li>Beznarz\u0119dziowy system napinania \u0142a\u0144cucha<\/li>\n<li>Automatyczny system smarowania \u0142a\u0144cucha<\/li>\n<li>Hamulec bezpiecze\u0144stwa<\/li>\n<li>\u0141a\u0144cuch o profilu pe\u0142nego d\u0142uta<\/li>\n<\/ul>\n<p>Dane techniczne<\/p>\n<ul>\n<li>Moc: 2200 W<\/li>\n<li>Napi\u0119cie: 230 V<\/li>\n<li>Cz\u0119stotliwo\u015b\u0107: 50 Hz<\/li>\n<li>D\u0142ugo\u015bc prowadnicy:16&#8243;(400)mm<\/li>\n<li>Ilo\u015b\u0107 z\u0119b\u00f3w \u0142a\u0144cucha: 57<\/li>\n<li>Typ z\u0119ba: pe\u0142ne d\u0142uto<\/li>\n<li>szeroko\u015b\u0107 rowka prowadnicy: 1,3mm<\/li>\n<li>Pr\u0119dko\u015b\u0107 \u0142\u0105\u0144cucha: 13m\/s<\/li>\n<li>Pojemno\u015b\u0107 zbiornika oleju: 200 ml<\/li>\n<li>Waga: 4,3 kg<\/li>\n<\/ul>\n<p>Kompletacja<\/p>\n<ul>\n<li>Pilarka<\/li>\n<li>Prowadnica<\/li>\n<li>\u0141a\u0144cuch<\/li>\n<li>Os\u0142ona prowadnicy<\/li>\n<\/ul>\n<\/td>\n<\/tr>\n<tr>\n<td>\u00a0<\/td>\n<\/tr>\n<\/table>\n","protected":false},"excerpt":{"rendered":"<p>Pilarka elektryczna, pi\u0142a GARDEN DEDRA 2,2kW 40cm<\/p>\n","protected":false},"featured_media":1191,"comment_status":"open","ping_status":"closed","template":"","meta":[],"product_brand":[],"product_cat":[33],"product_tag":[],"class_list":{"0":"post-1192","1":"product","2":"type-product","3":"status-publish","4":"has-post-thumbnail","6":"product_cat-narzedzia-dedra","8":"first","9":"instock","10":"taxable","11":"shipping-taxable","12":"purchasable","13":"product-type-simple"},"_links":{"self":[{"href":"https:\/\/precto.pl\/sklep\/wp-json\/wp\/v2\/product\/1192","targetHints":{"allow":["GET"]}}],"collection":[{"href":"https:\/\/precto.pl\/sklep\/wp-json\/wp\/v2\/product"}],"about":[{"href":"https:\/\/precto.pl\/sklep\/wp-json\/wp\/v2\/types\/product"}],"replies":[{"embeddable":true,"href":"https:\/\/precto.pl\/sklep\/wp-json\/wp\/v2\/comments?post=1192"}],"wp:featuredmedia":[{"embeddable":true,"href":"https:\/\/precto.pl\/sklep\/wp-json\/wp\/v2\/media\/1191"}],"wp:attachment":[{"href":"https:\/\/precto.pl\/sklep\/wp-json\/wp\/v2\/media?parent=1192"}],"wp:term":[{"taxonomy":"product_brand","embeddable":true,"href":"https:\/\/precto.pl\/sklep\/wp-json\/wp\/v2\/product_brand?post=1192"},{"taxonomy":"product_cat","embeddable":true,"href":"https:\/\/precto.pl\/sklep\/wp-json\/wp\/v2\/product_cat?post=1192"},{"taxonomy":"product_tag","embeddable":true,"href":"https:\/\/precto.pl\/sklep\/wp-json\/wp\/v2\/product_tag?post=1192"}],"curies":[{"name":"wp","href":"https:\/\/api.w.org\/{rel}","templated":true}]}}