{"id":1077,"date":"2022-01-18T05:52:32","date_gmt":"2022-01-18T04:52:32","guid":{"rendered":"https:\/\/precto.pl\/sklep\/produkt\/silnik-kosiarka-loncin-65km-lc1p70fc-wal-60x222m\/"},"modified":"2023-03-07T09:57:30","modified_gmt":"2023-03-07T08:57:30","slug":"silnik-kosiarka-loncin-65km-lc1p70fc-wal-60x222m","status":"publish","type":"product","link":"https:\/\/precto.pl\/sklep\/silnik-kosiarka-loncin-65km-lc1p70fc-wal-60x222m\/","title":{"rendered":"SILNIK KOSIARKA LONCIN 6,5KM LC1P70FC WA\u0141 60X22,2M"},"content":{"rendered":"<table width=\"100%\">\n<tr>\n<td width=\"50%\">\n<h3>SILNIK KOSIARKA LONCIN 6,5 KM LC1P70FA NOWY GWARAN<\/h3>\n<p><b>PRODUKT FABRYCZNIE NOWY<\/b><\/p>\n<p><b>24 MIESI\u0104CE GWARANCJI PRODUCENTA<\/b><\/p>\n<h3>SILNIK PASUJE DO KOSIAREK Z SILNIKAMI O WALE KORBOWYM WYSTAJ\u0104CYM Z OBUDOWY O OK. 52 MM ( M.IN. BRIGGS STRATTON)<\/h3>\n<h3>CHARAKTERYSTYKA :<\/h3>\n<p><b>PRODUCENT : LONCIN<\/b><\/p>\n<p><b>MODEL : LC1P70FA-F<\/b><\/p>\n<p><b>MOC : 3.6KW(6.5HP) \/ 3600 RPM<\/b><\/p>\n<p><b>POJEMNO\u015a\u0106 SILNIKA : 196 CC<\/b><\/p>\n<p><b>WA\u0141 : PIONOWY<\/b><\/p>\n<p><b>D\u0141UGO\u015a\u0106 WA\u0141U : 60 MM<\/b><\/p>\n<p><b>\u015aREDNICA WA\u0141U : 22,2 MM<\/b><\/p>\n<p><b>POJEMNO\u015a\u0106 MISKI OLEJOWEJ : 0,6 L<\/b><\/p>\n<p><b>POJEMNO\u015a\u0106 ZBIORNIKA PALIWA : 1 L<\/b><\/p>\n<p><b>WAGA : 12,8 KG<\/b><\/p>\n<p><b>WYMIARY : ( D\u0141. X SZER. X WYS. ) &#8211; 385\u00d7358\u00d7278<\/b><\/p>\n<h3>AUTOMATYCZNE SSANIE<\/h3>\n<\/td>\n<\/tr>\n<tr>\n<td>\u00a0<\/td>\n<\/tr>\n<tr>\n<td colspan=\"2\">\n<p>Przy zakupie kilku produkt\u00f3w w naszym sklepie za przesy\u0142k\u0119 zap\u0142ac\u0105 Pa\u0144stwo tylko raz.<\/p>\n<p>W naszym sklepie internetowym znajd\u0105 pa\u0144stwo szeroki asortyment cz\u0119\u015bci do:<\/p>\n<ul>\n<li>pilarek spalinowych i elektrycznych wielu marek m.in. stihl, husqvarna, dolmar, makita, oleo mac, solo, jonserad itp.<\/li>\n<li>kos spalinowych ww. marek<\/li>\n<li>kosiarek spalinowych z silnikami briggs &amp; stratton, loncin, honda<\/li>\n<li>przecinarek do betonu<\/li>\n<li>maszyn budowlanych wacker<\/li>\n<li>wielu innych maszyn i urz\u0105dze\u0144 wykorzystywanych w przydomowych pracach<\/li>\n<li>oraz pilniki, \u0142a\u0144cuchy, prowadnice, oleje, \u015brodki ochrony osobistej i wiele innych produkt\u00f3w i urz\u0105dze\u0144 pomocnych przy pracy w lesie, domu czy ogrodzie.<\/li>\n<\/ul>\n<p>Ci\u0105gle poszerzamy nasz\u0105 ofert\u0119 o nowe produkty, poszukuj\u0105c jak najlepszych rozwi\u0105za\u0144 dla naszych klient\u00f3w.<\/p>\n<\/td>\n<\/tr>\n<tr>\n<td>\u00a0<\/td>\n<\/tr>\n<tr>\n<td>\u00a0<\/td>\n<\/tr>\n<\/table>\n","protected":false},"excerpt":{"rendered":"<p>SILNIK KOSIARKA LONCIN 6,5KM LC1P70FC WA\u0141 60X22,2M<\/p>\n","protected":false},"featured_media":1074,"comment_status":"open","ping_status":"closed","template":"","meta":[],"product_brand":[],"product_cat":[51],"product_tag":[],"class_list":{"0":"post-1077","1":"product","2":"type-product","3":"status-publish","4":"has-post-thumbnail","6":"product_cat-silniki-i-czesci-do-silnikow","8":"first","9":"instock","10":"taxable","11":"shipping-taxable","12":"purchasable","13":"product-type-simple"},"_links":{"self":[{"href":"https:\/\/precto.pl\/sklep\/wp-json\/wp\/v2\/product\/1077","targetHints":{"allow":["GET"]}}],"collection":[{"href":"https:\/\/precto.pl\/sklep\/wp-json\/wp\/v2\/product"}],"about":[{"href":"https:\/\/precto.pl\/sklep\/wp-json\/wp\/v2\/types\/product"}],"replies":[{"embeddable":true,"href":"https:\/\/precto.pl\/sklep\/wp-json\/wp\/v2\/comments?post=1077"}],"wp:featuredmedia":[{"embeddable":true,"href":"https:\/\/precto.pl\/sklep\/wp-json\/wp\/v2\/media\/1074"}],"wp:attachment":[{"href":"https:\/\/precto.pl\/sklep\/wp-json\/wp\/v2\/media?parent=1077"}],"wp:term":[{"taxonomy":"product_brand","embeddable":true,"href":"https:\/\/precto.pl\/sklep\/wp-json\/wp\/v2\/product_brand?post=1077"},{"taxonomy":"product_cat","embeddable":true,"href":"https:\/\/precto.pl\/sklep\/wp-json\/wp\/v2\/product_cat?post=1077"},{"taxonomy":"product_tag","embeddable":true,"href":"https:\/\/precto.pl\/sklep\/wp-json\/wp\/v2\/product_tag?post=1077"}],"curies":[{"name":"wp","href":"https:\/\/api.w.org\/{rel}","templated":true}]}}