{"id":1010,"date":"2022-01-18T05:51:11","date_gmt":"2022-01-18T04:51:11","guid":{"rendered":"https:\/\/precto.pl\/sklep\/produkt\/sprezarka-24l-pansam-a077020-olejowy-1500w-8-bar\/"},"modified":"2022-10-06T12:03:24","modified_gmt":"2022-10-06T10:03:24","slug":"sprezarka-24l-pansam-a077020-olejowy-1500w-8-bar","status":"publish","type":"product","link":"https:\/\/precto.pl\/sklep\/sprezarka-24l-pansam-a077020-olejowy-1500w-8-bar\/","title":{"rendered":"Spr\u0119\u017carka, 24L PANSAM A077020 olejowy 1500W 8 bar"},"content":{"rendered":"<table width=\"100%\">\n<tr>\n<td width=\"50%\">\n<h2>Spr\u0119\u017carka, kompresor 24L PANSAM<\/h2>\n<p>Kompresor olejowy przeznaczony jest do spr\u0119\u017cania powietrza atmosferycznego i po zastosowaniu odpowiedniego oprzyrz\u0105dowania mo\u017ce by\u0107 wykorzystany do prac zwi\u0105zanych z przedmuchiwaniem, czyszczeniem, myciem, pompowaniem k\u00f3\u0142, malowaniem itp.<\/p>\n<p>Kompresor posiada silnik o mocy 1500W oraz zbiornik o pojemno\u015bci 24 litr\u00f3w. Du\u017ce ko\u0142a transportowe pozwalaj\u0105 na \u0142atwy i szybki transport kompresora. Urz\u0105dzenie wyposa\u017cone jest w dwa manometry oraz dwa kr\u00f3\u0107ce przy\u0142\u0105czeniowe co znacz\u0105co podnosi efektywno\u015b\u0107 pracy tym kompresorem.<\/p>\n<p><b>Cechy kompresora PANSAM :<\/b><\/p>\n<ul>\n<li>Silnik jednocylindrowy<\/li>\n<li>Du\u017ce podgumowane ko\u0142a transportowe<\/li>\n<li>Uchwyt do transportowania<\/li>\n<li>Dwa manometry<\/li>\n<li>Dwa kr\u00f3\u0107ce przy\u0142\u0105czeniowe<\/li>\n<li>Mo\u017cliwo\u015b\u0107 regulowania ci\u015bnienia na jednym z manometr\u00f3w<\/li>\n<\/ul>\n<p>Dane techniczne kompresora PANSAM :<\/p>\n<ul>\n<li>Napi\u0119cie: 230V \/ 50 Hz<\/li>\n<li>Moc: 1500W<\/li>\n<li>Ilo\u015b\u0107 cylindr\u00f3w: 1<\/li>\n<li>Maksymalne ci\u015bnienie t\u0142oczenia: 8 bar<\/li>\n<li>Przep\u0142yw powietrza: 200l\/min<\/li>\n<li>Pojemno\u015b\u0107 zbiornika powietrza: 24L<\/li>\n<li>Klasa ochronno\u015bci: IP20<\/li>\n<li>Waga: 27kg<\/li>\n<\/ul>\n<p>Kompletacja kompresora PANSAM :<\/p>\n<ul>\n<li>Filtr powietrza<\/li>\n<li>Ko\u0142a jezdne<\/li>\n<li>Korek wlewu oleju<\/li>\n<li>Stopka gumowana<\/li>\n<\/ul>\n<\/td>\n<\/tr>\n<tr>\n<td>\u00a0<\/td>\n<\/tr>\n<\/table>\n","protected":false},"excerpt":{"rendered":"<p>Spr\u0119\u017carka, 24L PANSAM A077020 olejowy 1500W 8 bar<\/p>\n","protected":false},"featured_media":1009,"comment_status":"open","ping_status":"closed","template":"","meta":[],"product_brand":[],"product_cat":[33],"product_tag":[],"class_list":{"0":"post-1010","1":"product","2":"type-product","3":"status-publish","4":"has-post-thumbnail","6":"product_cat-narzedzia-dedra","8":"first","9":"instock","10":"taxable","11":"shipping-taxable","12":"purchasable","13":"product-type-simple"},"_links":{"self":[{"href":"https:\/\/precto.pl\/sklep\/wp-json\/wp\/v2\/product\/1010","targetHints":{"allow":["GET"]}}],"collection":[{"href":"https:\/\/precto.pl\/sklep\/wp-json\/wp\/v2\/product"}],"about":[{"href":"https:\/\/precto.pl\/sklep\/wp-json\/wp\/v2\/types\/product"}],"replies":[{"embeddable":true,"href":"https:\/\/precto.pl\/sklep\/wp-json\/wp\/v2\/comments?post=1010"}],"wp:featuredmedia":[{"embeddable":true,"href":"https:\/\/precto.pl\/sklep\/wp-json\/wp\/v2\/media\/1009"}],"wp:attachment":[{"href":"https:\/\/precto.pl\/sklep\/wp-json\/wp\/v2\/media?parent=1010"}],"wp:term":[{"taxonomy":"product_brand","embeddable":true,"href":"https:\/\/precto.pl\/sklep\/wp-json\/wp\/v2\/product_brand?post=1010"},{"taxonomy":"product_cat","embeddable":true,"href":"https:\/\/precto.pl\/sklep\/wp-json\/wp\/v2\/product_cat?post=1010"},{"taxonomy":"product_tag","embeddable":true,"href":"https:\/\/precto.pl\/sklep\/wp-json\/wp\/v2\/product_tag?post=1010"}],"curies":[{"name":"wp","href":"https:\/\/api.w.org\/{rel}","templated":true}]}}